{"version":"1.0","provider_name":"Bienvenue sur le site de Sciences de la Vie et de la Terre","provider_url":"https:\/\/svt-dalaine.fr\/svt","author_name":"admin","author_url":"https:\/\/svt-dalaine.fr\/svt\/author\/admin\/","title":"BG-C1&amp;2 L'atmosph\u00e8re et l'oc\u00e9an - Bienvenue sur le site de Sciences de la Vie et de la Terre","type":"rich","width":600,"height":338,"html":"<blockquote class=\"wp-embedded-content\" data-secret=\"hYIeO6e1I1\"><a href=\"https:\/\/svt-dalaine.fr\/svt\/bg-c12-latmosphere-et-locean\/\">BG-C1&amp;2 L&#8217;atmosph\u00e8re et l&#8217;oc\u00e9an<\/a><\/blockquote><iframe sandbox=\"allow-scripts\" security=\"restricted\" src=\"https:\/\/svt-dalaine.fr\/svt\/bg-c12-latmosphere-et-locean\/embed\/#?secret=hYIeO6e1I1\" width=\"600\" height=\"338\" title=\"\u00ab\u00a0BG-C1&amp;2 L&#8217;atmosph\u00e8re et l&#8217;oc\u00e9an\u00a0\u00bb &#8212; Bienvenue sur le site de Sciences de la Vie et de la Terre\" data-secret=\"hYIeO6e1I1\" frameborder=\"0\" marginwidth=\"0\" marginheight=\"0\" scrolling=\"no\" class=\"wp-embedded-content\"><\/iframe><script type=\"text\/javascript\">\n\/* <![CDATA[ *\/\n\/*! This file is auto-generated *\/\n!function(d,l){\"use strict\";l.querySelector&&d.addEventListener&&\"undefined\"!=typeof URL&&(d.wp=d.wp||{},d.wp.receiveEmbedMessage||(d.wp.receiveEmbedMessage=function(e){var t=e.data;if((t||t.secret||t.message||t.value)&&!\/[^a-zA-Z0-9]\/.test(t.secret)){for(var s,r,n,a=l.querySelectorAll('iframe[data-secret=\"'+t.secret+'\"]'),o=l.querySelectorAll('blockquote[data-secret=\"'+t.secret+'\"]'),c=new RegExp(\"^https?:$\",\"i\"),i=0;i<o.length;i++)o[i].style.display=\"none\";for(i=0;i<a.length;i++)s=a[i],e.source===s.contentWindow&&(s.removeAttribute(\"style\"),\"height\"===t.message?(1e3<(r=parseInt(t.value,10))?r=1e3:~~r<200&&(r=200),s.height=r):\"link\"===t.message&&(r=new URL(s.getAttribute(\"src\")),n=new URL(t.value),c.test(n.protocol))&&n.host===r.host&&l.activeElement===s&&(d.top.location.href=t.value))}},d.addEventListener(\"message\",d.wp.receiveEmbedMessage,!1),l.addEventListener(\"DOMContentLoaded\",function(){for(var e,t,s=l.querySelectorAll(\"iframe.wp-embedded-content\"),r=0;r<s.length;r++)(t=(e=s[r]).getAttribute(\"data-secret\"))||(t=Math.random().toString(36).substring(2,12),e.src+=\"#?secret=\"+t,e.setAttribute(\"data-secret\",t)),e.contentWindow.postMessage({message:\"ready\",secret:t},\"*\")},!1)))}(window,document);\n\/\/# sourceURL=https:\/\/svt-dalaine.fr\/svt\/wp-includes\/js\/wp-embed.min.js\n\/* ]]> *\/\n<\/script>\n","description":"Extrait du B.O. L\u2019atmosph\u00e8re et l\u2019hydrosph\u00e8re forment les enveloppes fluides de la Terre. L\u2019hydrosph\u00e8re et l\u2019atmosph\u00e8re, enveloppes externes fluides, sont stratifi\u00e9es. Leur structuration verticale d\u00e9pend de la densit\u00e9, comme pour les enveloppes solides. Les disparit\u00e9s temporelles et locales du bilan&hellip;&nbsp;Lire la suite","thumbnail_url":"https:\/\/svt-dalaine.fr\/svt\/wp-content\/uploads\/2024\/06\/IMG_30551-1024x768.jpg"}

BG-C1&amp;2 L'atmosphère et l'océan - Bienvenue sur le site de Sciences de la Vie et de la Terre

<blockquote class="wp-embedded-content" data-secret="hYIeO6e1I1"><a href="https://svt-dalaine.fr/svt/bg-c12-latmosphere-et-locean/">BG-C1&amp;2 L&#8217;atmosphère et l&#8217;océan</a></blockquote><iframe sandbox="allow-scripts" security="restricted" src="https://svt-dalaine.fr/svt/bg-c12-latmosphere-et-locean/embed/#?secret=hYIeO6e1I1" width="600" height="338" title="« BG-C1&amp;2 L&#8217;atmosphère et l&#8217;océan » &#8212; Bienvenue sur le site de Sciences de la Vie et de la Terre" data-secret="hYIeO6e1I1" frameborder="0" marginwidth="0" marginheight="0" scrolling="no" class="wp-embedded-content"></iframe><script type="text/javascript">
/* <![CDATA[ */
/*! This file is auto-generated */
!function(d,l){"use strict";l.querySelector&&d.addEventListener&&"undefined"!=typeof URL&&(d.wp=d.wp||{},d.wp.receiveEmbedMessage||(d.wp.receiveEmbedMessage=function(e){var t=e.data;if((t||t.secret||t.message||t.value)&&!/[^a-zA-Z0-9]/.test(t.secret)){for(var s,r,n,a=l.querySelectorAll('iframe[data-secret="'+t.secret+'"]'),o=l.querySelectorAll('blockquote[data-secret="'+t.secret+'"]'),c=new RegExp("^https?:$","i"),i=0;i<o.length;i++)o[i].style.display="none";for(i=0;i<a.length;i++)s=a[i],e.source===s.contentWindow&&(s.removeAttribute("style"),"height"===t.message?(1e3<(r=parseInt(t.value,10))?r=1e3:~~r<200&&(r=200),s.height=r):"link"===t.message&&(r=new URL(s.getAttribute("src")),n=new URL(t.value),c.test(n.protocol))&&n.host===r.host&&l.activeElement===s&&(d.top.location.href=t.value))}},d.addEventListener("message",d.wp.receiveEmbedMessage,!1),l.addEventListener("DOMContentLoaded",function(){for(var e,t,s=l.querySelectorAll("iframe.wp-embedded-content"),r=0;r<s.length;r++)(t=(e=s[r]).getAttribute("data-secret"))||(t=Math.random().toString(36).substring(2,12),e.src+="#?secret="+t,e.setAttribute("data-secret",t)),e.contentWindow.postMessage({message:"ready",secret:t},"*")},!1)))}(window,document);
//# sourceURL=https://svt-dalaine.fr/svt/wp-includes/js/wp-embed.min.js
/* ]]> */
</script>

Extrait du B.O. L’atmosphère et l’hydrosphère forment les enveloppes fluides de la Terre. L’hydrosphère et l’atmosphère, enveloppes externes fluides, sont stratifiées. Leur structuration verticale dépend de la densité, comme pour les enveloppes solides. Les disparités temporelles et locales du bilan&hellip;&nbsp;Lire la suite
