{"id":1318,"date":"2020-02-18T12:42:00","date_gmt":"2020-02-18T11:42:00","guid":{"rendered":"https:\/\/svt-dalaine.fr\/svt\/?page_id=1318"},"modified":"2020-04-18T13:31:50","modified_gmt":"2020-04-18T11:31:50","slug":"chapitre-2-4-le-bilan-thermique-du-corps-humain","status":"publish","type":"page","link":"https:\/\/svt-dalaine.fr\/svt\/chapitre-2-4-le-bilan-thermique-du-corps-humain\/","title":{"rendered":"Chapitre 2.4. Le bilan thermique du corps humain"},"content":{"rendered":"\t\t<div data-elementor-type=\"wp-page\" data-elementor-id=\"1318\" class=\"elementor elementor-1318\">\n\t\t\t\t\t\t<section class=\"elementor-section elementor-top-section elementor-element elementor-element-000e3e1 elementor-section-boxed elementor-section-height-default elementor-section-height-default\" data-id=\"000e3e1\" data-element_type=\"section\">\n\t\t\t\t\t\t<div class=\"elementor-container elementor-column-gap-default\">\n\t\t\t\t\t<div class=\"elementor-column elementor-col-100 elementor-top-column elementor-element elementor-element-0f01f83\" data-id=\"0f01f83\" data-element_type=\"column\">\n\t\t\t<div class=\"elementor-widget-wrap elementor-element-populated\">\n\t\t\t\t\t\t<div class=\"elementor-element elementor-element-e7f816c elementor-widget elementor-widget-image\" data-id=\"e7f816c\" data-element_type=\"widget\" data-widget_type=\"image.default\">\n\t\t\t\t<div class=\"elementor-widget-container\">\n\t\t\t\t\t\t\t\t\t\t\t\t\t<img fetchpriority=\"high\" decoding=\"async\" width=\"640\" height=\"480\" src=\"https:\/\/svt-dalaine.fr\/svt\/wp-content\/uploads\/2019\/12\/deperdition_chaleur-1024x768.jpg\" class=\"attachment-large size-large wp-image-1261\" alt=\"\" srcset=\"https:\/\/svt-dalaine.fr\/svt\/wp-content\/uploads\/2019\/12\/deperdition_chaleur-1024x768.jpg 1024w, https:\/\/svt-dalaine.fr\/svt\/wp-content\/uploads\/2019\/12\/deperdition_chaleur-300x225.jpg 300w, https:\/\/svt-dalaine.fr\/svt\/wp-content\/uploads\/2019\/12\/deperdition_chaleur-768x576.jpg 768w, https:\/\/svt-dalaine.fr\/svt\/wp-content\/uploads\/2019\/12\/deperdition_chaleur-1536x1152.jpg 1536w, https:\/\/svt-dalaine.fr\/svt\/wp-content\/uploads\/2019\/12\/deperdition_chaleur-2048x1536.jpg 2048w, https:\/\/svt-dalaine.fr\/svt\/wp-content\/uploads\/2019\/12\/deperdition_chaleur-360x270.jpg 360w\" sizes=\"(max-width: 640px) 100vw, 640px\" \/>\t\t\t\t\t\t\t\t\t\t\t\t\t<\/div>\n\t\t\t\t<\/div>\n\t\t\t\t\t<\/div>\n\t\t<\/div>\n\t\t\t\t\t<\/div>\n\t\t<\/section>\n\t\t\t\t<section class=\"elementor-section elementor-top-section elementor-element elementor-element-3c406df elementor-section-boxed elementor-section-height-default elementor-section-height-default\" data-id=\"3c406df\" data-element_type=\"section\">\n\t\t\t\t\t\t<div class=\"elementor-container elementor-column-gap-default\">\n\t\t\t\t\t<div class=\"elementor-column elementor-col-50 elementor-top-column elementor-element elementor-element-d4740eb\" data-id=\"d4740eb\" data-element_type=\"column\">\n\t\t\t<div class=\"elementor-widget-wrap elementor-element-populated\">\n\t\t\t\t\t\t<div class=\"elementor-element elementor-element-37295f1 elementor-widget elementor-widget-text-editor\" data-id=\"37295f1\" data-element_type=\"widget\" data-widget_type=\"text-editor.default\">\n\t\t\t\t<div class=\"elementor-widget-container\">\n\t\t\t\t\t\t\t<p>Globalement, la puissance thermique lib\u00e9r\u00e9e par un corps humain dans les conditions de vie courante, au repos, est de l\u2019ordre de 100 W.<\/p><p>Dans ce chapitre, il s&#8217;agit d&#8217;aborder les bilans thermiques du corps humain: l&#8217;\u00e9quilibre entre les processus de thermolyse (rayonnement IR, \u00e9vaporation, convection, conduction) et ceux de thermogen\u00e8se (m\u00e9tabolisme basal, frisson thermique, contraction musculaire).<\/p><p>.<\/p>\t\t\t\t\t\t<\/div>\n\t\t\t\t<\/div>\n\t\t\t\t\t<\/div>\n\t\t<\/div>\n\t\t\t\t<div class=\"elementor-column elementor-col-50 elementor-top-column elementor-element elementor-element-a52e635\" data-id=\"a52e635\" data-element_type=\"column\">\n\t\t\t<div class=\"elementor-widget-wrap elementor-element-populated\">\n\t\t\t\t\t\t<div class=\"elementor-element elementor-element-438f36a elementor-widget elementor-widget-text-editor\" data-id=\"438f36a\" data-element_type=\"widget\" data-widget_type=\"text-editor.default\">\n\t\t\t\t<div class=\"elementor-widget-container\">\n\t\t\t\t\t\t\t<p>La <a href=\"https:\/\/svt-dalaine.fr\/svt\/wp-content\/uploads\/2020\/02\/1_ES_2.4_bilan_thermique_humain.pdf\">pr\u00e9sentation r\u00e9alis\u00e9e en cours<\/a>, propose aux pages 24 \u00e0 28 le cours \u00e0 recopier.<\/p>\t\t\t\t\t\t<\/div>\n\t\t\t\t<\/div>\n\t\t\t\t\t<\/div>\n\t\t<\/div>\n\t\t\t\t\t<\/div>\n\t\t<\/section>\n\t\t\t\t<section class=\"elementor-section elementor-top-section elementor-element elementor-element-0e5608f elementor-section-boxed elementor-section-height-default elementor-section-height-default\" data-id=\"0e5608f\" data-element_type=\"section\">\n\t\t\t\t\t\t<div class=\"elementor-container elementor-column-gap-default\">\n\t\t\t\t\t<div class=\"elementor-column elementor-col-100 elementor-top-column elementor-element elementor-element-292ce78\" data-id=\"292ce78\" data-element_type=\"column\">\n\t\t\t<div class=\"elementor-widget-wrap elementor-element-populated\">\n\t\t\t\t\t\t<div class=\"elementor-element elementor-element-9fb9670 elementor-widget elementor-widget-text-editor\" data-id=\"9fb9670\" data-element_type=\"widget\" data-widget_type=\"text-editor.default\">\n\t\t\t\t<div class=\"elementor-widget-container\">\n\t\t\t\t\t\t\t<div style=\"width: 100%;\"><div style=\"position: relative; padding-bottom: 56.25%; padding-top: 0; height: 0;\"><iframe style=\"position: absolute; top: 0; left: 0; width: 100%; height: 100%;\" src=\"https:\/\/view.genial.ly\/5e39a38a6bbd27220c77e819\" width=\"1200px\" height=\"675px\" frameborder=\"0\" scrolling=\"yes\" allowfullscreen=\"allowfullscreen\"><\/iframe><\/div><\/div>\t\t\t\t\t\t<\/div>\n\t\t\t\t<\/div>\n\t\t\t\t\t<\/div>\n\t\t<\/div>\n\t\t\t\t\t<\/div>\n\t\t<\/section>\n\t\t\t\t<section class=\"elementor-section elementor-top-section elementor-element elementor-element-8a3daac elementor-section-boxed elementor-section-height-default elementor-section-height-default\" data-id=\"8a3daac\" data-element_type=\"section\">\n\t\t\t\t\t\t<div class=\"elementor-container elementor-column-gap-default\">\n\t\t\t\t\t<div class=\"elementor-column elementor-col-100 elementor-top-column elementor-element elementor-element-9a2b05d\" data-id=\"9a2b05d\" data-element_type=\"column\">\n\t\t\t<div class=\"elementor-widget-wrap elementor-element-populated\">\n\t\t\t\t\t\t<div class=\"elementor-element elementor-element-9839397 elementor-widget elementor-widget-text-editor\" data-id=\"9839397\" data-element_type=\"widget\" data-widget_type=\"text-editor.default\">\n\t\t\t\t<div class=\"elementor-widget-container\">\n\t\t\t\t\t\t\t<p>Exercices d&#8217;entra\u00eenement: \u00e0 consulter ici <a href=\"https:\/\/svt-dalaine.fr\/svt\/wp-content\/uploads\/2020\/04\/Exercices_bordas_p139-146.pdf\">Exercices_bordas_p139-146<\/a>.<\/p>\t\t\t\t\t\t<\/div>\n\t\t\t\t<\/div>\n\t\t\t\t\t<\/div>\n\t\t<\/div>\n\t\t\t\t\t<\/div>\n\t\t<\/section>\n\t\t\t\t<\/div>\n\t\t","protected":false},"excerpt":{"rendered":"<p>Globalement, la puissance thermique lib\u00e9r\u00e9e par un corps humain dans les conditions de vie courante, au repos, est de l\u2019ordre de 100 W. Dans ce chapitre, il s&#8217;agit d&#8217;aborder les bilans thermiques du corps humain: l&#8217;\u00e9quilibre entre les processus de&hellip;&nbsp;<a href=\"https:\/\/svt-dalaine.fr\/svt\/chapitre-2-4-le-bilan-thermique-du-corps-humain\/\" class=\"more-link\">Lire la suite<\/a><\/p>\n","protected":false},"author":1,"featured_media":0,"parent":0,"menu_order":0,"comment_status":"closed","ping_status":"closed","template":"","meta":{"footnotes":""},"categories":[67],"tags":[],"class_list":["post-1318","page","type-page","status-publish","hentry","category-1_es_theme_2"],"yoast_head":"<!-- This site is optimized with the Yoast SEO plugin v21.9.1 - https:\/\/yoast.com\/wordpress\/plugins\/seo\/ -->\n<title>Chapitre 2.4. Le bilan thermique du corps humain - Bienvenue sur le site de Sciences de la Vie et de la Terre<\/title>\n<meta name=\"robots\" content=\"index, follow, max-snippet:-1, max-image-preview:large, max-video-preview:-1\" \/>\n<link rel=\"canonical\" href=\"https:\/\/svt-dalaine.fr\/svt\/chapitre-2-4-le-bilan-thermique-du-corps-humain\/\" \/>\n<meta property=\"og:locale\" content=\"fr_FR\" \/>\n<meta property=\"og:type\" content=\"article\" \/>\n<meta property=\"og:title\" content=\"Chapitre 2.4. Le bilan thermique du corps humain - Bienvenue sur le site de Sciences de la Vie et de la Terre\" \/>\n<meta property=\"og:description\" content=\"Globalement, la puissance thermique lib\u00e9r\u00e9e par un corps humain dans les conditions de vie courante, au repos, est de l\u2019ordre de 100 W. Dans ce chapitre, il s&#8217;agit d&#8217;aborder les bilans thermiques du corps humain: l&#8217;\u00e9quilibre entre les processus de&hellip;&nbsp;Lire la suite\" \/>\n<meta property=\"og:url\" content=\"https:\/\/svt-dalaine.fr\/svt\/chapitre-2-4-le-bilan-thermique-du-corps-humain\/\" \/>\n<meta property=\"og:site_name\" content=\"Bienvenue sur le site de Sciences de la Vie et de la Terre\" \/>\n<meta property=\"article:modified_time\" content=\"2020-04-18T11:31:50+00:00\" \/>\n<meta property=\"og:image\" content=\"https:\/\/svt-dalaine.fr\/svt\/wp-content\/uploads\/2019\/12\/deperdition_chaleur-1024x768.jpg\" \/>\n<meta name=\"twitter:card\" content=\"summary_large_image\" \/>\n<script type=\"application\/ld+json\" class=\"yoast-schema-graph\">{\"@context\":\"https:\/\/schema.org\",\"@graph\":[{\"@type\":\"WebPage\",\"@id\":\"https:\/\/svt-dalaine.fr\/svt\/chapitre-2-4-le-bilan-thermique-du-corps-humain\/\",\"url\":\"https:\/\/svt-dalaine.fr\/svt\/chapitre-2-4-le-bilan-thermique-du-corps-humain\/\",\"name\":\"Chapitre 2.4. Le bilan thermique du corps humain - Bienvenue sur le site de Sciences de la Vie et de la Terre\",\"isPartOf\":{\"@id\":\"https:\/\/svt-dalaine.fr\/svt\/#website\"},\"datePublished\":\"2020-02-18T11:42:00+00:00\",\"dateModified\":\"2020-04-18T11:31:50+00:00\",\"breadcrumb\":{\"@id\":\"https:\/\/svt-dalaine.fr\/svt\/chapitre-2-4-le-bilan-thermique-du-corps-humain\/#breadcrumb\"},\"inLanguage\":\"fr-FR\",\"potentialAction\":[{\"@type\":\"ReadAction\",\"target\":[\"https:\/\/svt-dalaine.fr\/svt\/chapitre-2-4-le-bilan-thermique-du-corps-humain\/\"]}]},{\"@type\":\"BreadcrumbList\",\"@id\":\"https:\/\/svt-dalaine.fr\/svt\/chapitre-2-4-le-bilan-thermique-du-corps-humain\/#breadcrumb\",\"itemListElement\":[{\"@type\":\"ListItem\",\"position\":1,\"name\":\"Accueil\",\"item\":\"https:\/\/svt-dalaine.fr\/svt\/\"},{\"@type\":\"ListItem\",\"position\":2,\"name\":\"Chapitre 2.4. Le bilan thermique du corps humain\"}]},{\"@type\":\"WebSite\",\"@id\":\"https:\/\/svt-dalaine.fr\/svt\/#website\",\"url\":\"https:\/\/svt-dalaine.fr\/svt\/\",\"name\":\"Bienvenue sur le site de Sciences de la Vie et de la Terre\",\"description\":\"Ressources en SVT de St\u00e9phanie Dalaine, professeure agr\u00e9g\u00e9e exer\u00e7ant en BCPST1 ENCPB\",\"potentialAction\":[{\"@type\":\"SearchAction\",\"target\":{\"@type\":\"EntryPoint\",\"urlTemplate\":\"https:\/\/svt-dalaine.fr\/svt\/?s={search_term_string}\"},\"query-input\":\"required name=search_term_string\"}],\"inLanguage\":\"fr-FR\"}]}<\/script>\n<!-- \/ Yoast SEO plugin. -->","yoast_head_json":{"title":"Chapitre 2.4. Le bilan thermique du corps humain - Bienvenue sur le site de Sciences de la Vie et de la Terre","robots":{"index":"index","follow":"follow","max-snippet":"max-snippet:-1","max-image-preview":"max-image-preview:large","max-video-preview":"max-video-preview:-1"},"canonical":"https:\/\/svt-dalaine.fr\/svt\/chapitre-2-4-le-bilan-thermique-du-corps-humain\/","og_locale":"fr_FR","og_type":"article","og_title":"Chapitre 2.4. Le bilan thermique du corps humain - Bienvenue sur le site de Sciences de la Vie et de la Terre","og_description":"Globalement, la puissance thermique lib\u00e9r\u00e9e par un corps humain dans les conditions de vie courante, au repos, est de l\u2019ordre de 100 W. Dans ce chapitre, il s&#8217;agit d&#8217;aborder les bilans thermiques du corps humain: l&#8217;\u00e9quilibre entre les processus de&hellip;&nbsp;Lire la suite","og_url":"https:\/\/svt-dalaine.fr\/svt\/chapitre-2-4-le-bilan-thermique-du-corps-humain\/","og_site_name":"Bienvenue sur le site de Sciences de la Vie et de la Terre","article_modified_time":"2020-04-18T11:31:50+00:00","og_image":[{"url":"https:\/\/svt-dalaine.fr\/svt\/wp-content\/uploads\/2019\/12\/deperdition_chaleur-1024x768.jpg"}],"twitter_card":"summary_large_image","schema":{"@context":"https:\/\/schema.org","@graph":[{"@type":"WebPage","@id":"https:\/\/svt-dalaine.fr\/svt\/chapitre-2-4-le-bilan-thermique-du-corps-humain\/","url":"https:\/\/svt-dalaine.fr\/svt\/chapitre-2-4-le-bilan-thermique-du-corps-humain\/","name":"Chapitre 2.4. Le bilan thermique du corps humain - Bienvenue sur le site de Sciences de la Vie et de la Terre","isPartOf":{"@id":"https:\/\/svt-dalaine.fr\/svt\/#website"},"datePublished":"2020-02-18T11:42:00+00:00","dateModified":"2020-04-18T11:31:50+00:00","breadcrumb":{"@id":"https:\/\/svt-dalaine.fr\/svt\/chapitre-2-4-le-bilan-thermique-du-corps-humain\/#breadcrumb"},"inLanguage":"fr-FR","potentialAction":[{"@type":"ReadAction","target":["https:\/\/svt-dalaine.fr\/svt\/chapitre-2-4-le-bilan-thermique-du-corps-humain\/"]}]},{"@type":"BreadcrumbList","@id":"https:\/\/svt-dalaine.fr\/svt\/chapitre-2-4-le-bilan-thermique-du-corps-humain\/#breadcrumb","itemListElement":[{"@type":"ListItem","position":1,"name":"Accueil","item":"https:\/\/svt-dalaine.fr\/svt\/"},{"@type":"ListItem","position":2,"name":"Chapitre 2.4. Le bilan thermique du corps humain"}]},{"@type":"WebSite","@id":"https:\/\/svt-dalaine.fr\/svt\/#website","url":"https:\/\/svt-dalaine.fr\/svt\/","name":"Bienvenue sur le site de Sciences de la Vie et de la Terre","description":"Ressources en SVT de St\u00e9phanie Dalaine, professeure agr\u00e9g\u00e9e exer\u00e7ant en BCPST1 ENCPB","potentialAction":[{"@type":"SearchAction","target":{"@type":"EntryPoint","urlTemplate":"https:\/\/svt-dalaine.fr\/svt\/?s={search_term_string}"},"query-input":"required name=search_term_string"}],"inLanguage":"fr-FR"}]}},"_links":{"self":[{"href":"https:\/\/svt-dalaine.fr\/svt\/wp-json\/wp\/v2\/pages\/1318","targetHints":{"allow":["GET"]}}],"collection":[{"href":"https:\/\/svt-dalaine.fr\/svt\/wp-json\/wp\/v2\/pages"}],"about":[{"href":"https:\/\/svt-dalaine.fr\/svt\/wp-json\/wp\/v2\/types\/page"}],"author":[{"embeddable":true,"href":"https:\/\/svt-dalaine.fr\/svt\/wp-json\/wp\/v2\/users\/1"}],"replies":[{"embeddable":true,"href":"https:\/\/svt-dalaine.fr\/svt\/wp-json\/wp\/v2\/comments?post=1318"}],"version-history":[{"count":8,"href":"https:\/\/svt-dalaine.fr\/svt\/wp-json\/wp\/v2\/pages\/1318\/revisions"}],"predecessor-version":[{"id":1623,"href":"https:\/\/svt-dalaine.fr\/svt\/wp-json\/wp\/v2\/pages\/1318\/revisions\/1623"}],"wp:attachment":[{"href":"https:\/\/svt-dalaine.fr\/svt\/wp-json\/wp\/v2\/media?parent=1318"}],"wp:term":[{"taxonomy":"category","embeddable":true,"href":"https:\/\/svt-dalaine.fr\/svt\/wp-json\/wp\/v2\/categories?post=1318"},{"taxonomy":"post_tag","embeddable":true,"href":"https:\/\/svt-dalaine.fr\/svt\/wp-json\/wp\/v2\/tags?post=1318"}],"curies":[{"name":"wp","href":"https:\/\/api.w.org\/{rel}","templated":true}]}}