{"id":1871,"date":"2023-10-08T20:53:02","date_gmt":"2023-10-08T18:53:02","guid":{"rendered":"https:\/\/svt-dalaine.fr\/svt\/?page_id=1871"},"modified":"2025-08-22T17:02:07","modified_gmt":"2025-08-22T15:02:07","slug":"sv-d-1-les-constituants-du-vivant","status":"publish","type":"page","link":"https:\/\/svt-dalaine.fr\/svt\/sv-d-1-les-constituants-du-vivant\/","title":{"rendered":"SV-D-1 Les constituants du vivant"},"content":{"rendered":"\t\t<div data-elementor-type=\"wp-page\" data-elementor-id=\"1871\" class=\"elementor elementor-1871\">\n\t\t\t\t\t\t<section class=\"elementor-section elementor-top-section elementor-element elementor-element-9b7c3ec elementor-section-boxed elementor-section-height-default elementor-section-height-default\" data-id=\"9b7c3ec\" data-element_type=\"section\">\n\t\t\t\t\t\t<div class=\"elementor-container elementor-column-gap-default\">\n\t\t\t\t\t<div class=\"elementor-column elementor-col-100 elementor-top-column elementor-element elementor-element-bb0f07e\" data-id=\"bb0f07e\" data-element_type=\"column\">\n\t\t\t<div class=\"elementor-widget-wrap elementor-element-populated\">\n\t\t\t\t\t\t<div class=\"elementor-element elementor-element-e9397fe elementor-widget elementor-widget-image\" data-id=\"e9397fe\" data-element_type=\"widget\" data-widget_type=\"image.default\">\n\t\t\t\t<div class=\"elementor-widget-container\">\n\t\t\t\t\t\t\t\t\t\t\t\t\t<img fetchpriority=\"high\" decoding=\"async\" width=\"640\" height=\"715\" src=\"https:\/\/svt-dalaine.fr\/svt\/wp-content\/uploads\/2025\/08\/eau-arbre-768x858.png\" class=\"attachment-medium_large size-medium_large wp-image-2706\" alt=\"\" srcset=\"https:\/\/svt-dalaine.fr\/svt\/wp-content\/uploads\/2025\/08\/eau-arbre-768x858.png 768w, https:\/\/svt-dalaine.fr\/svt\/wp-content\/uploads\/2025\/08\/eau-arbre-269x300.png 269w, https:\/\/svt-dalaine.fr\/svt\/wp-content\/uploads\/2025\/08\/eau-arbre-242x270.png 242w, https:\/\/svt-dalaine.fr\/svt\/wp-content\/uploads\/2025\/08\/eau-arbre.png 901w\" sizes=\"(max-width: 640px) 100vw, 640px\" \/>\t\t\t\t\t\t\t\t\t\t\t\t\t<\/div>\n\t\t\t\t<\/div>\n\t\t\t\t\t<\/div>\n\t\t<\/div>\n\t\t\t\t\t<\/div>\n\t\t<\/section>\n\t\t\t\t<section class=\"elementor-section elementor-top-section elementor-element elementor-element-120fe32 elementor-section-boxed elementor-section-height-default elementor-section-height-default\" data-id=\"120fe32\" data-element_type=\"section\">\n\t\t\t\t\t\t<div class=\"elementor-container elementor-column-gap-default\">\n\t\t\t\t\t<div class=\"elementor-column elementor-col-100 elementor-top-column elementor-element elementor-element-82e9522\" data-id=\"82e9522\" data-element_type=\"column\">\n\t\t\t<div class=\"elementor-widget-wrap elementor-element-populated\">\n\t\t\t\t\t\t<div class=\"elementor-element elementor-element-92ff453 elementor-widget elementor-widget-text-editor\" data-id=\"92ff453\" data-element_type=\"widget\" data-widget_type=\"text-editor.default\">\n\t\t\t\t<div class=\"elementor-widget-container\">\n\t\t\t\t\t\t\t<p>Extrait du B.O.<\/p><p>Les atomes de carbone des mol\u00e9cules biologiques portent des fonctions vari\u00e9es qui d\u00e9terminent leurs propri\u00e9t\u00e9s physico-chimiques (dimension, solubilit\u00e9, polarit\u00e9, ionisation).<\/p><p>Le r\u00f4le biologique des mol\u00e9cules organiques d\u00e9pend de leurs propri\u00e9t\u00e9s physico-chimiques et de leur r\u00e9activit\u00e9.<\/p><p>Des r\u00e9actions d&#8217;oxydo-r\u00e9duction modifient et diversifient les fonctions chimiques des petites mol\u00e9cules biologiques. Une m\u00eame mol\u00e9cule peut appartenir \u00e0 plusieurs familles.<\/p>\t\t\t\t\t\t<\/div>\n\t\t\t\t<\/div>\n\t\t\t\t\t<\/div>\n\t\t<\/div>\n\t\t\t\t\t<\/div>\n\t\t<\/section>\n\t\t\t\t<\/div>\n\t\t","protected":false},"excerpt":{"rendered":"<p>Extrait du B.O. Les atomes de carbone des mol\u00e9cules biologiques portent des fonctions vari\u00e9es qui d\u00e9terminent leurs propri\u00e9t\u00e9s physico-chimiques (dimension, solubilit\u00e9, polarit\u00e9, ionisation). Le r\u00f4le biologique des mol\u00e9cules organiques d\u00e9pend de leurs propri\u00e9t\u00e9s physico-chimiques et de leur r\u00e9activit\u00e9. Des r\u00e9actions&hellip;&nbsp;<a href=\"https:\/\/svt-dalaine.fr\/svt\/sv-d-1-les-constituants-du-vivant\/\" class=\"more-link\">Lire la suite<\/a><\/p>\n","protected":false},"author":1,"featured_media":0,"parent":0,"menu_order":0,"comment_status":"closed","ping_status":"closed","template":"","meta":{"footnotes":""},"categories":[],"tags":[],"class_list":["post-1871","page","type-page","status-publish","hentry"],"yoast_head":"<!-- This site is optimized with the Yoast SEO plugin v21.9.1 - https:\/\/yoast.com\/wordpress\/plugins\/seo\/ -->\n<title>SV-D-1 Les constituants du vivant - Bienvenue sur le site de Sciences de la Vie et de la Terre<\/title>\n<meta name=\"robots\" content=\"index, follow, max-snippet:-1, max-image-preview:large, max-video-preview:-1\" \/>\n<link rel=\"canonical\" href=\"https:\/\/svt-dalaine.fr\/svt\/sv-d-1-les-constituants-du-vivant\/\" \/>\n<meta property=\"og:locale\" content=\"fr_FR\" \/>\n<meta property=\"og:type\" content=\"article\" \/>\n<meta property=\"og:title\" content=\"SV-D-1 Les constituants du vivant - Bienvenue sur le site de Sciences de la Vie et de la Terre\" \/>\n<meta property=\"og:description\" content=\"Extrait du B.O. Les atomes de carbone des mol\u00e9cules biologiques portent des fonctions vari\u00e9es qui d\u00e9terminent leurs propri\u00e9t\u00e9s physico-chimiques (dimension, solubilit\u00e9, polarit\u00e9, ionisation). Le r\u00f4le biologique des mol\u00e9cules organiques d\u00e9pend de leurs propri\u00e9t\u00e9s physico-chimiques et de leur r\u00e9activit\u00e9. Des r\u00e9actions&hellip;&nbsp;Lire la suite\" \/>\n<meta property=\"og:url\" content=\"https:\/\/svt-dalaine.fr\/svt\/sv-d-1-les-constituants-du-vivant\/\" \/>\n<meta property=\"og:site_name\" content=\"Bienvenue sur le site de Sciences de la Vie et de la Terre\" \/>\n<meta property=\"article:modified_time\" content=\"2025-08-22T15:02:07+00:00\" \/>\n<meta property=\"og:image\" content=\"https:\/\/svt-dalaine.fr\/svt\/wp-content\/uploads\/2025\/08\/eau-arbre-768x858.png\" \/>\n<meta name=\"twitter:card\" content=\"summary_large_image\" \/>\n<meta name=\"twitter:label1\" content=\"Dur\u00e9e de lecture estim\u00e9e\" \/>\n\t<meta name=\"twitter:data1\" content=\"1 minute\" \/>\n<script type=\"application\/ld+json\" class=\"yoast-schema-graph\">{\"@context\":\"https:\/\/schema.org\",\"@graph\":[{\"@type\":\"WebPage\",\"@id\":\"https:\/\/svt-dalaine.fr\/svt\/sv-d-1-les-constituants-du-vivant\/\",\"url\":\"https:\/\/svt-dalaine.fr\/svt\/sv-d-1-les-constituants-du-vivant\/\",\"name\":\"SV-D-1 Les constituants du vivant - Bienvenue sur le site de Sciences de la Vie et de la Terre\",\"isPartOf\":{\"@id\":\"https:\/\/svt-dalaine.fr\/svt\/#website\"},\"datePublished\":\"2023-10-08T18:53:02+00:00\",\"dateModified\":\"2025-08-22T15:02:07+00:00\",\"breadcrumb\":{\"@id\":\"https:\/\/svt-dalaine.fr\/svt\/sv-d-1-les-constituants-du-vivant\/#breadcrumb\"},\"inLanguage\":\"fr-FR\",\"potentialAction\":[{\"@type\":\"ReadAction\",\"target\":[\"https:\/\/svt-dalaine.fr\/svt\/sv-d-1-les-constituants-du-vivant\/\"]}]},{\"@type\":\"BreadcrumbList\",\"@id\":\"https:\/\/svt-dalaine.fr\/svt\/sv-d-1-les-constituants-du-vivant\/#breadcrumb\",\"itemListElement\":[{\"@type\":\"ListItem\",\"position\":1,\"name\":\"Accueil\",\"item\":\"https:\/\/svt-dalaine.fr\/svt\/\"},{\"@type\":\"ListItem\",\"position\":2,\"name\":\"SV-D-1 Les constituants du vivant\"}]},{\"@type\":\"WebSite\",\"@id\":\"https:\/\/svt-dalaine.fr\/svt\/#website\",\"url\":\"https:\/\/svt-dalaine.fr\/svt\/\",\"name\":\"Bienvenue sur le site de Sciences de la Vie et de la Terre\",\"description\":\"Ressources en SVT de St\u00e9phanie Dalaine, professeure agr\u00e9g\u00e9e exer\u00e7ant en BCPST1 ENCPB\",\"potentialAction\":[{\"@type\":\"SearchAction\",\"target\":{\"@type\":\"EntryPoint\",\"urlTemplate\":\"https:\/\/svt-dalaine.fr\/svt\/?s={search_term_string}\"},\"query-input\":\"required name=search_term_string\"}],\"inLanguage\":\"fr-FR\"}]}<\/script>\n<!-- \/ Yoast SEO plugin. -->","yoast_head_json":{"title":"SV-D-1 Les constituants du vivant - Bienvenue sur le site de Sciences de la Vie et de la Terre","robots":{"index":"index","follow":"follow","max-snippet":"max-snippet:-1","max-image-preview":"max-image-preview:large","max-video-preview":"max-video-preview:-1"},"canonical":"https:\/\/svt-dalaine.fr\/svt\/sv-d-1-les-constituants-du-vivant\/","og_locale":"fr_FR","og_type":"article","og_title":"SV-D-1 Les constituants du vivant - Bienvenue sur le site de Sciences de la Vie et de la Terre","og_description":"Extrait du B.O. Les atomes de carbone des mol\u00e9cules biologiques portent des fonctions vari\u00e9es qui d\u00e9terminent leurs propri\u00e9t\u00e9s physico-chimiques (dimension, solubilit\u00e9, polarit\u00e9, ionisation). Le r\u00f4le biologique des mol\u00e9cules organiques d\u00e9pend de leurs propri\u00e9t\u00e9s physico-chimiques et de leur r\u00e9activit\u00e9. Des r\u00e9actions&hellip;&nbsp;Lire la suite","og_url":"https:\/\/svt-dalaine.fr\/svt\/sv-d-1-les-constituants-du-vivant\/","og_site_name":"Bienvenue sur le site de Sciences de la Vie et de la Terre","article_modified_time":"2025-08-22T15:02:07+00:00","og_image":[{"url":"https:\/\/svt-dalaine.fr\/svt\/wp-content\/uploads\/2025\/08\/eau-arbre-768x858.png"}],"twitter_card":"summary_large_image","twitter_misc":{"Dur\u00e9e de lecture estim\u00e9e":"1 minute"},"schema":{"@context":"https:\/\/schema.org","@graph":[{"@type":"WebPage","@id":"https:\/\/svt-dalaine.fr\/svt\/sv-d-1-les-constituants-du-vivant\/","url":"https:\/\/svt-dalaine.fr\/svt\/sv-d-1-les-constituants-du-vivant\/","name":"SV-D-1 Les constituants du vivant - Bienvenue sur le site de Sciences de la Vie et de la Terre","isPartOf":{"@id":"https:\/\/svt-dalaine.fr\/svt\/#website"},"datePublished":"2023-10-08T18:53:02+00:00","dateModified":"2025-08-22T15:02:07+00:00","breadcrumb":{"@id":"https:\/\/svt-dalaine.fr\/svt\/sv-d-1-les-constituants-du-vivant\/#breadcrumb"},"inLanguage":"fr-FR","potentialAction":[{"@type":"ReadAction","target":["https:\/\/svt-dalaine.fr\/svt\/sv-d-1-les-constituants-du-vivant\/"]}]},{"@type":"BreadcrumbList","@id":"https:\/\/svt-dalaine.fr\/svt\/sv-d-1-les-constituants-du-vivant\/#breadcrumb","itemListElement":[{"@type":"ListItem","position":1,"name":"Accueil","item":"https:\/\/svt-dalaine.fr\/svt\/"},{"@type":"ListItem","position":2,"name":"SV-D-1 Les constituants du vivant"}]},{"@type":"WebSite","@id":"https:\/\/svt-dalaine.fr\/svt\/#website","url":"https:\/\/svt-dalaine.fr\/svt\/","name":"Bienvenue sur le site de Sciences de la Vie et de la Terre","description":"Ressources en SVT de St\u00e9phanie Dalaine, professeure agr\u00e9g\u00e9e exer\u00e7ant en BCPST1 ENCPB","potentialAction":[{"@type":"SearchAction","target":{"@type":"EntryPoint","urlTemplate":"https:\/\/svt-dalaine.fr\/svt\/?s={search_term_string}"},"query-input":"required name=search_term_string"}],"inLanguage":"fr-FR"}]}},"_links":{"self":[{"href":"https:\/\/svt-dalaine.fr\/svt\/wp-json\/wp\/v2\/pages\/1871","targetHints":{"allow":["GET"]}}],"collection":[{"href":"https:\/\/svt-dalaine.fr\/svt\/wp-json\/wp\/v2\/pages"}],"about":[{"href":"https:\/\/svt-dalaine.fr\/svt\/wp-json\/wp\/v2\/types\/page"}],"author":[{"embeddable":true,"href":"https:\/\/svt-dalaine.fr\/svt\/wp-json\/wp\/v2\/users\/1"}],"replies":[{"embeddable":true,"href":"https:\/\/svt-dalaine.fr\/svt\/wp-json\/wp\/v2\/comments?post=1871"}],"version-history":[{"count":9,"href":"https:\/\/svt-dalaine.fr\/svt\/wp-json\/wp\/v2\/pages\/1871\/revisions"}],"predecessor-version":[{"id":2709,"href":"https:\/\/svt-dalaine.fr\/svt\/wp-json\/wp\/v2\/pages\/1871\/revisions\/2709"}],"wp:attachment":[{"href":"https:\/\/svt-dalaine.fr\/svt\/wp-json\/wp\/v2\/media?parent=1871"}],"wp:term":[{"taxonomy":"category","embeddable":true,"href":"https:\/\/svt-dalaine.fr\/svt\/wp-json\/wp\/v2\/categories?post=1871"},{"taxonomy":"post_tag","embeddable":true,"href":"https:\/\/svt-dalaine.fr\/svt\/wp-json\/wp\/v2\/tags?post=1871"}],"curies":[{"name":"wp","href":"https:\/\/api.w.org\/{rel}","templated":true}]}}