{"id":2071,"date":"2023-12-19T11:47:38","date_gmt":"2023-12-19T10:47:38","guid":{"rendered":"https:\/\/svt-dalaine.fr\/svt\/?page_id=2071"},"modified":"2024-12-17T10:56:37","modified_gmt":"2024-12-17T09:56:37","slug":"st-h-la-mesure-du-temps-outils-et-methodes","status":"publish","type":"page","link":"https:\/\/svt-dalaine.fr\/svt\/st-h-la-mesure-du-temps-outils-et-methodes\/","title":{"rendered":"ST-H La mesure du temps: outils et m\u00e9thodes"},"content":{"rendered":"\t\t<div data-elementor-type=\"wp-page\" data-elementor-id=\"2071\" class=\"elementor elementor-2071\">\n\t\t\t\t\t\t<section class=\"elementor-section elementor-top-section elementor-element elementor-element-1f9c63f elementor-section-boxed elementor-section-height-default elementor-section-height-default\" data-id=\"1f9c63f\" data-element_type=\"section\">\n\t\t\t\t\t\t<div class=\"elementor-container elementor-column-gap-default\">\n\t\t\t\t\t<div class=\"elementor-column elementor-col-100 elementor-top-column elementor-element elementor-element-f55838b\" data-id=\"f55838b\" data-element_type=\"column\">\n\t\t\t<div class=\"elementor-widget-wrap elementor-element-populated\">\n\t\t\t\t\t\t<div class=\"elementor-element elementor-element-fc797c0 elementor-widget elementor-widget-image\" data-id=\"fc797c0\" data-element_type=\"widget\" data-widget_type=\"image.default\">\n\t\t\t\t<div class=\"elementor-widget-container\">\n\t\t\t\t\t\t\t\t\t\t\t\t\t<img fetchpriority=\"high\" decoding=\"async\" width=\"640\" height=\"520\" src=\"https:\/\/svt-dalaine.fr\/svt\/wp-content\/uploads\/2023\/12\/Capture-decran-2023-12-19-114802.png\" class=\"attachment-large size-large wp-image-2075\" alt=\"\" srcset=\"https:\/\/svt-dalaine.fr\/svt\/wp-content\/uploads\/2023\/12\/Capture-decran-2023-12-19-114802.png 951w, https:\/\/svt-dalaine.fr\/svt\/wp-content\/uploads\/2023\/12\/Capture-decran-2023-12-19-114802-300x244.png 300w, https:\/\/svt-dalaine.fr\/svt\/wp-content\/uploads\/2023\/12\/Capture-decran-2023-12-19-114802-768x624.png 768w, https:\/\/svt-dalaine.fr\/svt\/wp-content\/uploads\/2023\/12\/Capture-decran-2023-12-19-114802-332x270.png 332w\" sizes=\"(max-width: 640px) 100vw, 640px\" \/>\t\t\t\t\t\t\t\t\t\t\t\t\t<\/div>\n\t\t\t\t<\/div>\n\t\t\t\t\t<\/div>\n\t\t<\/div>\n\t\t\t\t\t<\/div>\n\t\t<\/section>\n\t\t\t\t<section class=\"elementor-section elementor-top-section elementor-element elementor-element-317ca99 elementor-section-boxed elementor-section-height-default elementor-section-height-default\" data-id=\"317ca99\" data-element_type=\"section\">\n\t\t\t\t\t\t<div class=\"elementor-container elementor-column-gap-default\">\n\t\t\t\t\t<div class=\"elementor-column elementor-col-100 elementor-top-column elementor-element elementor-element-370fe15\" data-id=\"370fe15\" data-element_type=\"column\">\n\t\t\t<div class=\"elementor-widget-wrap elementor-element-populated\">\n\t\t\t\t\t\t<div class=\"elementor-element elementor-element-46a152d elementor-widget elementor-widget-text-editor\" data-id=\"46a152d\" data-element_type=\"widget\" data-widget_type=\"text-editor.default\">\n\t\t\t\t<div class=\"elementor-widget-container\">\n\t\t\t\t\t\t\t<p>Extrait du B.O.<\/p><p>La d\u00e9finition d\u2019une unit\u00e9 stratigraphique se traduit par le choix d\u2019une r\u00e9f\u00e9rence appel\u00e9e stratotype.<\/p><p>Les crises biologiques correspondent \u00e0 des rep\u00e8res dans l&#8217;histoire de la Terre, permettant de d\u00e9finir des coupures \u00e0 l&#8217;\u00e9chelle mondiale.<\/p><p>Elles affectent la diversit\u00e9 du monde vivant \u00e0 l&#8217;\u00e9chelle globale et sont toujours suivies de radiations \u00e9volutives.<\/p><p>Les causes de ces extinctions sont souvent multiples et peuvent r\u00e9sulter d&#8217;un couplage entre l&#8217;activit\u00e9 interne de la Terre et de la surface.<\/p><p>La datation absolue, fond\u00e9e essentiellement sur la radiochronologie, donne acc\u00e8s \u00e0 l\u2019\u00e2ge absolu et \u00e9talonne l\u2019\u00e9chelle stratigraphique.<\/p><p>L\u2019\u00e9chelle chronostratigraphique r\u00e9sulte de la mise en coh\u00e9rence entre les donn\u00e9es issues de la chronologie relative et de la chronologie absolue.<\/p><p>On associe des \u00e2ges absolus \u00e0 des successions d&#8217;intervalles de temps.<\/p>\t\t\t\t\t\t<\/div>\n\t\t\t\t<\/div>\n\t\t\t\t\t<\/div>\n\t\t<\/div>\n\t\t\t\t\t<\/div>\n\t\t<\/section>\n\t\t\t\t<\/div>\n\t\t","protected":false},"excerpt":{"rendered":"<p>Extrait du B.O. La d\u00e9finition d\u2019une unit\u00e9 stratigraphique se traduit par le choix d\u2019une r\u00e9f\u00e9rence appel\u00e9e stratotype. Les crises biologiques correspondent \u00e0 des rep\u00e8res dans l&#8217;histoire de la Terre, permettant de d\u00e9finir des coupures \u00e0 l&#8217;\u00e9chelle mondiale. Elles affectent la&hellip;&nbsp;<a href=\"https:\/\/svt-dalaine.fr\/svt\/st-h-la-mesure-du-temps-outils-et-methodes\/\" class=\"more-link\">Lire la suite<\/a><\/p>\n","protected":false},"author":1,"featured_media":0,"parent":0,"menu_order":0,"comment_status":"closed","ping_status":"closed","template":"","meta":{"footnotes":""},"categories":[],"tags":[],"class_list":["post-2071","page","type-page","status-publish","hentry"],"yoast_head":"<!-- This site is optimized with the Yoast SEO plugin v21.9.1 - https:\/\/yoast.com\/wordpress\/plugins\/seo\/ -->\n<title>ST-H La mesure du temps: outils et m\u00e9thodes - Bienvenue sur le site de Sciences de la Vie et de la Terre<\/title>\n<meta name=\"robots\" content=\"index, follow, max-snippet:-1, max-image-preview:large, max-video-preview:-1\" \/>\n<link rel=\"canonical\" href=\"https:\/\/svt-dalaine.fr\/svt\/st-h-la-mesure-du-temps-outils-et-methodes\/\" \/>\n<meta property=\"og:locale\" content=\"fr_FR\" \/>\n<meta property=\"og:type\" content=\"article\" \/>\n<meta property=\"og:title\" content=\"ST-H La mesure du temps: outils et m\u00e9thodes - Bienvenue sur le site de Sciences de la Vie et de la Terre\" \/>\n<meta property=\"og:description\" content=\"Extrait du B.O. La d\u00e9finition d\u2019une unit\u00e9 stratigraphique se traduit par le choix d\u2019une r\u00e9f\u00e9rence appel\u00e9e stratotype. Les crises biologiques correspondent \u00e0 des rep\u00e8res dans l&#8217;histoire de la Terre, permettant de d\u00e9finir des coupures \u00e0 l&#8217;\u00e9chelle mondiale. Elles affectent la&hellip;&nbsp;Lire la suite\" \/>\n<meta property=\"og:url\" content=\"https:\/\/svt-dalaine.fr\/svt\/st-h-la-mesure-du-temps-outils-et-methodes\/\" \/>\n<meta property=\"og:site_name\" content=\"Bienvenue sur le site de Sciences de la Vie et de la Terre\" \/>\n<meta property=\"article:modified_time\" content=\"2024-12-17T09:56:37+00:00\" \/>\n<meta property=\"og:image\" content=\"https:\/\/svt-dalaine.fr\/svt\/wp-content\/uploads\/2023\/12\/Capture-decran-2023-12-19-114802.png\" \/>\n<meta name=\"twitter:card\" content=\"summary_large_image\" \/>\n<meta name=\"twitter:label1\" content=\"Dur\u00e9e de lecture estim\u00e9e\" \/>\n\t<meta name=\"twitter:data1\" content=\"1 minute\" \/>\n<script type=\"application\/ld+json\" class=\"yoast-schema-graph\">{\"@context\":\"https:\/\/schema.org\",\"@graph\":[{\"@type\":\"WebPage\",\"@id\":\"https:\/\/svt-dalaine.fr\/svt\/st-h-la-mesure-du-temps-outils-et-methodes\/\",\"url\":\"https:\/\/svt-dalaine.fr\/svt\/st-h-la-mesure-du-temps-outils-et-methodes\/\",\"name\":\"ST-H La mesure du temps: outils et m\u00e9thodes - Bienvenue sur le site de Sciences de la Vie et de la Terre\",\"isPartOf\":{\"@id\":\"https:\/\/svt-dalaine.fr\/svt\/#website\"},\"datePublished\":\"2023-12-19T10:47:38+00:00\",\"dateModified\":\"2024-12-17T09:56:37+00:00\",\"breadcrumb\":{\"@id\":\"https:\/\/svt-dalaine.fr\/svt\/st-h-la-mesure-du-temps-outils-et-methodes\/#breadcrumb\"},\"inLanguage\":\"fr-FR\",\"potentialAction\":[{\"@type\":\"ReadAction\",\"target\":[\"https:\/\/svt-dalaine.fr\/svt\/st-h-la-mesure-du-temps-outils-et-methodes\/\"]}]},{\"@type\":\"BreadcrumbList\",\"@id\":\"https:\/\/svt-dalaine.fr\/svt\/st-h-la-mesure-du-temps-outils-et-methodes\/#breadcrumb\",\"itemListElement\":[{\"@type\":\"ListItem\",\"position\":1,\"name\":\"Accueil\",\"item\":\"https:\/\/svt-dalaine.fr\/svt\/\"},{\"@type\":\"ListItem\",\"position\":2,\"name\":\"ST-H La mesure du temps: outils et m\u00e9thodes\"}]},{\"@type\":\"WebSite\",\"@id\":\"https:\/\/svt-dalaine.fr\/svt\/#website\",\"url\":\"https:\/\/svt-dalaine.fr\/svt\/\",\"name\":\"Bienvenue sur le site de Sciences de la Vie et de la Terre\",\"description\":\"Ressources en SVT de St\u00e9phanie Dalaine, professeure agr\u00e9g\u00e9e exer\u00e7ant en BCPST1 ENCPB\",\"potentialAction\":[{\"@type\":\"SearchAction\",\"target\":{\"@type\":\"EntryPoint\",\"urlTemplate\":\"https:\/\/svt-dalaine.fr\/svt\/?s={search_term_string}\"},\"query-input\":\"required name=search_term_string\"}],\"inLanguage\":\"fr-FR\"}]}<\/script>\n<!-- \/ Yoast SEO plugin. -->","yoast_head_json":{"title":"ST-H La mesure du temps: outils et m\u00e9thodes - Bienvenue sur le site de Sciences de la Vie et de la Terre","robots":{"index":"index","follow":"follow","max-snippet":"max-snippet:-1","max-image-preview":"max-image-preview:large","max-video-preview":"max-video-preview:-1"},"canonical":"https:\/\/svt-dalaine.fr\/svt\/st-h-la-mesure-du-temps-outils-et-methodes\/","og_locale":"fr_FR","og_type":"article","og_title":"ST-H La mesure du temps: outils et m\u00e9thodes - Bienvenue sur le site de Sciences de la Vie et de la Terre","og_description":"Extrait du B.O. La d\u00e9finition d\u2019une unit\u00e9 stratigraphique se traduit par le choix d\u2019une r\u00e9f\u00e9rence appel\u00e9e stratotype. Les crises biologiques correspondent \u00e0 des rep\u00e8res dans l&#8217;histoire de la Terre, permettant de d\u00e9finir des coupures \u00e0 l&#8217;\u00e9chelle mondiale. Elles affectent la&hellip;&nbsp;Lire la suite","og_url":"https:\/\/svt-dalaine.fr\/svt\/st-h-la-mesure-du-temps-outils-et-methodes\/","og_site_name":"Bienvenue sur le site de Sciences de la Vie et de la Terre","article_modified_time":"2024-12-17T09:56:37+00:00","og_image":[{"url":"https:\/\/svt-dalaine.fr\/svt\/wp-content\/uploads\/2023\/12\/Capture-decran-2023-12-19-114802.png"}],"twitter_card":"summary_large_image","twitter_misc":{"Dur\u00e9e de lecture estim\u00e9e":"1 minute"},"schema":{"@context":"https:\/\/schema.org","@graph":[{"@type":"WebPage","@id":"https:\/\/svt-dalaine.fr\/svt\/st-h-la-mesure-du-temps-outils-et-methodes\/","url":"https:\/\/svt-dalaine.fr\/svt\/st-h-la-mesure-du-temps-outils-et-methodes\/","name":"ST-H La mesure du temps: outils et m\u00e9thodes - Bienvenue sur le site de Sciences de la Vie et de la Terre","isPartOf":{"@id":"https:\/\/svt-dalaine.fr\/svt\/#website"},"datePublished":"2023-12-19T10:47:38+00:00","dateModified":"2024-12-17T09:56:37+00:00","breadcrumb":{"@id":"https:\/\/svt-dalaine.fr\/svt\/st-h-la-mesure-du-temps-outils-et-methodes\/#breadcrumb"},"inLanguage":"fr-FR","potentialAction":[{"@type":"ReadAction","target":["https:\/\/svt-dalaine.fr\/svt\/st-h-la-mesure-du-temps-outils-et-methodes\/"]}]},{"@type":"BreadcrumbList","@id":"https:\/\/svt-dalaine.fr\/svt\/st-h-la-mesure-du-temps-outils-et-methodes\/#breadcrumb","itemListElement":[{"@type":"ListItem","position":1,"name":"Accueil","item":"https:\/\/svt-dalaine.fr\/svt\/"},{"@type":"ListItem","position":2,"name":"ST-H La mesure du temps: outils et m\u00e9thodes"}]},{"@type":"WebSite","@id":"https:\/\/svt-dalaine.fr\/svt\/#website","url":"https:\/\/svt-dalaine.fr\/svt\/","name":"Bienvenue sur le site de Sciences de la Vie et de la Terre","description":"Ressources en SVT de St\u00e9phanie Dalaine, professeure agr\u00e9g\u00e9e exer\u00e7ant en BCPST1 ENCPB","potentialAction":[{"@type":"SearchAction","target":{"@type":"EntryPoint","urlTemplate":"https:\/\/svt-dalaine.fr\/svt\/?s={search_term_string}"},"query-input":"required name=search_term_string"}],"inLanguage":"fr-FR"}]}},"_links":{"self":[{"href":"https:\/\/svt-dalaine.fr\/svt\/wp-json\/wp\/v2\/pages\/2071","targetHints":{"allow":["GET"]}}],"collection":[{"href":"https:\/\/svt-dalaine.fr\/svt\/wp-json\/wp\/v2\/pages"}],"about":[{"href":"https:\/\/svt-dalaine.fr\/svt\/wp-json\/wp\/v2\/types\/page"}],"author":[{"embeddable":true,"href":"https:\/\/svt-dalaine.fr\/svt\/wp-json\/wp\/v2\/users\/1"}],"replies":[{"embeddable":true,"href":"https:\/\/svt-dalaine.fr\/svt\/wp-json\/wp\/v2\/comments?post=2071"}],"version-history":[{"count":4,"href":"https:\/\/svt-dalaine.fr\/svt\/wp-json\/wp\/v2\/pages\/2071\/revisions"}],"predecessor-version":[{"id":2078,"href":"https:\/\/svt-dalaine.fr\/svt\/wp-json\/wp\/v2\/pages\/2071\/revisions\/2078"}],"wp:attachment":[{"href":"https:\/\/svt-dalaine.fr\/svt\/wp-json\/wp\/v2\/media?parent=2071"}],"wp:term":[{"taxonomy":"category","embeddable":true,"href":"https:\/\/svt-dalaine.fr\/svt\/wp-json\/wp\/v2\/categories?post=2071"},{"taxonomy":"post_tag","embeddable":true,"href":"https:\/\/svt-dalaine.fr\/svt\/wp-json\/wp\/v2\/tags?post=2071"}],"curies":[{"name":"wp","href":"https:\/\/api.w.org\/{rel}","templated":true}]}}

ST-H La mesure du temps: outils et méthodes

<div data-elementor-type="wp-page" data-elementor-id="2071" class="elementor elementor-2071">
						<section class="elementor-section elementor-top-section elementor-element elementor-element-1f9c63f elementor-section-boxed elementor-section-height-default elementor-section-height-default" data-id="1f9c63f" data-element_type="section">
						<div class="elementor-container elementor-column-gap-default">
					<div class="elementor-column elementor-col-100 elementor-top-column elementor-element elementor-element-f55838b" data-id="f55838b" data-element_type="column">
			<div class="elementor-widget-wrap elementor-element-populated">
						<div class="elementor-element elementor-element-fc797c0 elementor-widget elementor-widget-image" data-id="fc797c0" data-element_type="widget" data-widget_type="image.default">
				<div class="elementor-widget-container">
													<img fetchpriority="high" decoding="async" width="640" height="520" src="https://svt-dalaine.fr/svt/wp-content/uploads/2023/12/Capture-decran-2023-12-19-114802.png" class="attachment-large size-large wp-image-2075" alt="" srcset="https://svt-dalaine.fr/svt/wp-content/uploads/2023/12/Capture-decran-2023-12-19-114802.png 951w, https://svt-dalaine.fr/svt/wp-content/uploads/2023/12/Capture-decran-2023-12-19-114802-300x244.png 300w, https://svt-dalaine.fr/svt/wp-content/uploads/2023/12/Capture-decran-2023-12-19-114802-768x624.png 768w, https://svt-dalaine.fr/svt/wp-content/uploads/2023/12/Capture-decran-2023-12-19-114802-332x270.png 332w" sizes="(max-width: 640px) 100vw, 640px" />													</div>
				</div>
					</div>
		</div>
					</div>
		</section>
				<section class="elementor-section elementor-top-section elementor-element elementor-element-317ca99 elementor-section-boxed elementor-section-height-default elementor-section-height-default" data-id="317ca99" data-element_type="section">
						<div class="elementor-container elementor-column-gap-default">
					<div class="elementor-column elementor-col-100 elementor-top-column elementor-element elementor-element-370fe15" data-id="370fe15" data-element_type="column">
			<div class="elementor-widget-wrap elementor-element-populated">
						<div class="elementor-element elementor-element-46a152d elementor-widget elementor-widget-text-editor" data-id="46a152d" data-element_type="widget" data-widget_type="text-editor.default">
				<div class="elementor-widget-container">
							<p>Extrait du B.O.</p><p>La définition d’une unité stratigraphique se traduit par le choix d’une référence appelée stratotype.</p><p>Les crises biologiques correspondent à des repères dans l&#8217;histoire de la Terre, permettant de définir des coupures à l&#8217;échelle mondiale.</p><p>Elles affectent la diversité du monde vivant à l&#8217;échelle globale et sont toujours suivies de radiations évolutives.</p><p>Les causes de ces extinctions sont souvent multiples et peuvent résulter d&#8217;un couplage entre l&#8217;activité interne de la Terre et de la surface.</p><p>La datation absolue, fondée essentiellement sur la radiochronologie, donne accès à l’âge absolu et étalonne l’échelle stratigraphique.</p><p>L’échelle chronostratigraphique résulte de la mise en cohérence entre les données issues de la chronologie relative et de la chronologie absolue.</p><p>On associe des âges absolus à des successions d&#8217;intervalles de temps.</p>						</div>
				</div>
					</div>
		</div>
					</div>
		</section>
				</div>

<p>Extrait du B.O. La définition d’une unité stratigraphique se traduit par le choix d’une référence appelée stratotype. Les crises biologiques correspondent à des repères dans l&#8217;histoire de la Terre, permettant de définir des coupures à l&#8217;échelle mondiale. Elles affectent la&hellip;&nbsp;<a href="https://svt-dalaine.fr/svt/st-h-la-mesure-du-temps-outils-et-methodes/" class="more-link">Lire la suite</a></p>

<!-- This site is optimized with the Yoast SEO plugin v21.9.1 - https://yoast.com/wordpress/plugins/seo/ -->
<title>ST-H La mesure du temps: outils et méthodes - Bienvenue sur le site de Sciences de la Vie et de la Terre</title>
<meta name="robots" content="index, follow, max-snippet:-1, max-image-preview:large, max-video-preview:-1" />
<link rel="canonical" href="https://svt-dalaine.fr/svt/st-h-la-mesure-du-temps-outils-et-methodes/" />
<meta property="og:locale" content="fr_FR" />
<meta property="og:type" content="article" />
<meta property="og:title" content="ST-H La mesure du temps: outils et méthodes - Bienvenue sur le site de Sciences de la Vie et de la Terre" />
<meta property="og:description" content="Extrait du B.O. La définition d’une unité stratigraphique se traduit par le choix d’une référence appelée stratotype. Les crises biologiques correspondent à des repères dans l&#8217;histoire de la Terre, permettant de définir des coupures à l&#8217;échelle mondiale. Elles affectent la&hellip;&nbsp;Lire la suite" />
<meta property="og:url" content="https://svt-dalaine.fr/svt/st-h-la-mesure-du-temps-outils-et-methodes/" />
<meta property="og:site_name" content="Bienvenue sur le site de Sciences de la Vie et de la Terre" />
<meta property="article:modified_time" content="2024-12-17T09:56:37+00:00" />
<meta property="og:image" content="https://svt-dalaine.fr/svt/wp-content/uploads/2023/12/Capture-decran-2023-12-19-114802.png" />
<meta name="twitter:card" content="summary_large_image" />
<meta name="twitter:label1" content="Durée de lecture estimée" />
	<meta name="twitter:data1" content="1 minute" />
<script type="application/ld+json" class="yoast-schema-graph">{"@context":"https://schema.org","@graph":[{"@type":"WebPage","@id":"https://svt-dalaine.fr/svt/st-h-la-mesure-du-temps-outils-et-methodes/","url":"https://svt-dalaine.fr/svt/st-h-la-mesure-du-temps-outils-et-methodes/","name":"ST-H La mesure du temps: outils et méthodes - Bienvenue sur le site de Sciences de la Vie et de la Terre","isPartOf":{"@id":"https://svt-dalaine.fr/svt/#website"},"datePublished":"2023-12-19T10:47:38+00:00","dateModified":"2024-12-17T09:56:37+00:00","breadcrumb":{"@id":"https://svt-dalaine.fr/svt/st-h-la-mesure-du-temps-outils-et-methodes/#breadcrumb"},"inLanguage":"fr-FR","potentialAction":[{"@type":"ReadAction","target":["https://svt-dalaine.fr/svt/st-h-la-mesure-du-temps-outils-et-methodes/"]}]},{"@type":"BreadcrumbList","@id":"https://svt-dalaine.fr/svt/st-h-la-mesure-du-temps-outils-et-methodes/#breadcrumb","itemListElement":[{"@type":"ListItem","position":1,"name":"Accueil","item":"https://svt-dalaine.fr/svt/"},{"@type":"ListItem","position":2,"name":"ST-H La mesure du temps: outils et méthodes"}]},{"@type":"WebSite","@id":"https://svt-dalaine.fr/svt/#website","url":"https://svt-dalaine.fr/svt/","name":"Bienvenue sur le site de Sciences de la Vie et de la Terre","description":"Ressources en SVT de Stéphanie Dalaine, professeure agrégée exerçant en BCPST1 ENCPB","potentialAction":[{"@type":"SearchAction","target":{"@type":"EntryPoint","urlTemplate":"https://svt-dalaine.fr/svt/?s={search_term_string}"},"query-input":"required name=search_term_string"}],"inLanguage":"fr-FR"}]}</script>
<!-- / Yoast SEO plugin. -->

ST-H La mesure du temps: outils et méthodes - Bienvenue sur le site de Sciences de la Vie et de la Terre

Extrait du B.O. La définition d’une unité stratigraphique se traduit par le choix d’une référence appelée stratotype. Les crises biologiques correspondent à des repères dans l&#8217;histoire de la Terre, permettant de définir des coupures à l&#8217;échelle mondiale. Elles affectent la&hellip;&nbsp;Lire la suite

Ressources en SVT de Stéphanie Dalaine, professeure agrégée exerçant en BCPST1 ENCPB
