{"id":2162,"date":"2024-02-25T10:54:00","date_gmt":"2024-02-25T09:54:00","guid":{"rendered":"https:\/\/svt-dalaine.fr\/svt\/?page_id=2162"},"modified":"2025-03-06T08:37:44","modified_gmt":"2025-03-06T07:37:44","slug":"st-d-2-les-seismes-origine-et-consequences","status":"publish","type":"page","link":"https:\/\/svt-dalaine.fr\/svt\/st-d-2-les-seismes-origine-et-consequences\/","title":{"rendered":"ST-D-2 Les s\u00e9ismes, origine et cons\u00e9quences"},"content":{"rendered":"\t\t<div data-elementor-type=\"wp-page\" data-elementor-id=\"2162\" class=\"elementor elementor-2162\">\n\t\t\t\t\t\t<section class=\"elementor-section elementor-top-section elementor-element elementor-element-4628c45 elementor-section-boxed elementor-section-height-default elementor-section-height-default\" data-id=\"4628c45\" data-element_type=\"section\">\n\t\t\t\t\t\t<div class=\"elementor-container elementor-column-gap-default\">\n\t\t\t\t\t<div class=\"elementor-column elementor-col-100 elementor-top-column elementor-element elementor-element-a01ecae\" data-id=\"a01ecae\" data-element_type=\"column\">\n\t\t\t<div class=\"elementor-widget-wrap elementor-element-populated\">\n\t\t\t\t\t\t<div class=\"elementor-element elementor-element-2f4bcdc elementor-widget elementor-widget-image\" data-id=\"2f4bcdc\" data-element_type=\"widget\" data-widget_type=\"image.default\">\n\t\t\t\t<div class=\"elementor-widget-container\">\n\t\t\t\t\t\t\t\t\t\t\t\t\t<img fetchpriority=\"high\" decoding=\"async\" width=\"640\" height=\"427\" src=\"https:\/\/svt-dalaine.fr\/svt\/wp-content\/uploads\/2024\/02\/IMG_1021-1024x683.jpg\" class=\"attachment-large size-large wp-image-2166\" alt=\"\" srcset=\"https:\/\/svt-dalaine.fr\/svt\/wp-content\/uploads\/2024\/02\/IMG_1021-1024x683.jpg 1024w, https:\/\/svt-dalaine.fr\/svt\/wp-content\/uploads\/2024\/02\/IMG_1021-300x200.jpg 300w, https:\/\/svt-dalaine.fr\/svt\/wp-content\/uploads\/2024\/02\/IMG_1021-768x512.jpg 768w, https:\/\/svt-dalaine.fr\/svt\/wp-content\/uploads\/2024\/02\/IMG_1021-1536x1024.jpg 1536w, https:\/\/svt-dalaine.fr\/svt\/wp-content\/uploads\/2024\/02\/IMG_1021-2048x1365.jpg 2048w, https:\/\/svt-dalaine.fr\/svt\/wp-content\/uploads\/2024\/02\/IMG_1021-360x240.jpg 360w\" sizes=\"(max-width: 640px) 100vw, 640px\" \/>\t\t\t\t\t\t\t\t\t\t\t\t\t<\/div>\n\t\t\t\t<\/div>\n\t\t\t\t\t<\/div>\n\t\t<\/div>\n\t\t\t\t\t<\/div>\n\t\t<\/section>\n\t\t\t\t<section class=\"elementor-section elementor-top-section elementor-element elementor-element-1764873 elementor-section-boxed elementor-section-height-default elementor-section-height-default\" data-id=\"1764873\" data-element_type=\"section\">\n\t\t\t\t\t\t<div class=\"elementor-container elementor-column-gap-default\">\n\t\t\t\t\t<div class=\"elementor-column elementor-col-100 elementor-top-column elementor-element elementor-element-996e751\" data-id=\"996e751\" data-element_type=\"column\">\n\t\t\t<div class=\"elementor-widget-wrap elementor-element-populated\">\n\t\t\t\t\t\t<div class=\"elementor-element elementor-element-9e421e0 elementor-widget elementor-widget-text-editor\" data-id=\"9e421e0\" data-element_type=\"widget\" data-widget_type=\"text-editor.default\">\n\t\t\t\t<div class=\"elementor-widget-container\">\n\t\t\t\t\t\t\t<p>Extrait du B.O.<\/p><p>L\u2019\u00e9tude des s\u00e9ismes et l\u2019\u00e9valuation des al\u00e9as sismiques passent par la description des \u00e9v\u00e9nements et par des mesures et des calculs (magnitude, m\u00e9canismes au foyer, d\u00e9placement par GPS&#8230;).<\/p><p>La relaxation rapide d\u2019\u00e9nergie accumul\u00e9e par les d\u00e9formations \u00e9lastiques, mesurables par g\u00e9od\u00e9sie spatiale, est responsable de la formation des s\u00e9ismes.<\/p><p>La notion (historique) de cycle sismique rassemble l&#8217;accumulation de d\u00e9formation \u00e9lastique et le rebond sismique.<\/p><p>Pour un s\u00e9isme donn\u00e9, le m\u00e9canisme au foyer permet l\u2019analyse de la g\u00e9om\u00e9trie de la faille et de son mouvement. L\u2019\u00e9tude d\u2019un ensemble de m\u00e9canismes au foyer dans une r\u00e9gion donn\u00e9e permet de<\/p><p>caract\u00e9riser et mod\u00e9liser le contexte tectonique.<\/p><p>La distribution mondiale des s\u00e9ismes et la variabilit\u00e9 des m\u00e9canismes au foyer renseigne sur la g\u00e9odynamique globale et sur les fronti\u00e8res de<\/p><p>plaques.<\/p><p>Les mesures de g\u00e9od\u00e9sie spatiale par GPS permettent d\u2018\u00e9valuer les d\u00e9placements instantan\u00e9s, de les comparer \u00e0 ceux d\u00e9termin\u00e9s \u00e0 l\u2019\u00e9chelle des fronti\u00e8res de plaque (en termes de bilan de d\u00e9formation) et de pr\u00e9ciser la connaissance de l\u2019al\u00e9a localement.<\/p>\t\t\t\t\t\t<\/div>\n\t\t\t\t<\/div>\n\t\t\t\t\t<\/div>\n\t\t<\/div>\n\t\t\t\t\t<\/div>\n\t\t<\/section>\n\t\t\t\t<\/div>\n\t\t","protected":false},"excerpt":{"rendered":"<p>Extrait du B.O. L\u2019\u00e9tude des s\u00e9ismes et l\u2019\u00e9valuation des al\u00e9as sismiques passent par la description des \u00e9v\u00e9nements et par des mesures et des calculs (magnitude, m\u00e9canismes au foyer, d\u00e9placement par GPS&#8230;). La relaxation rapide d\u2019\u00e9nergie accumul\u00e9e par les d\u00e9formations \u00e9lastiques,&hellip;&nbsp;<a href=\"https:\/\/svt-dalaine.fr\/svt\/st-d-2-les-seismes-origine-et-consequences\/\" class=\"more-link\">Lire la suite<\/a><\/p>\n","protected":false},"author":1,"featured_media":0,"parent":0,"menu_order":0,"comment_status":"closed","ping_status":"closed","template":"","meta":{"footnotes":""},"categories":[],"tags":[],"class_list":["post-2162","page","type-page","status-publish","hentry"],"yoast_head":"<!-- This site is optimized with the Yoast SEO plugin v21.9.1 - https:\/\/yoast.com\/wordpress\/plugins\/seo\/ -->\n<title>ST-D-2 Les s\u00e9ismes, origine et cons\u00e9quences - Bienvenue sur le site de Sciences de la Vie et de la Terre<\/title>\n<meta name=\"robots\" content=\"index, follow, max-snippet:-1, max-image-preview:large, max-video-preview:-1\" \/>\n<link rel=\"canonical\" href=\"https:\/\/svt-dalaine.fr\/svt\/st-d-2-les-seismes-origine-et-consequences\/\" \/>\n<meta property=\"og:locale\" content=\"fr_FR\" \/>\n<meta property=\"og:type\" content=\"article\" \/>\n<meta property=\"og:title\" content=\"ST-D-2 Les s\u00e9ismes, origine et cons\u00e9quences - Bienvenue sur le site de Sciences de la Vie et de la Terre\" \/>\n<meta property=\"og:description\" content=\"Extrait du B.O. L\u2019\u00e9tude des s\u00e9ismes et l\u2019\u00e9valuation des al\u00e9as sismiques passent par la description des \u00e9v\u00e9nements et par des mesures et des calculs (magnitude, m\u00e9canismes au foyer, d\u00e9placement par GPS&#8230;). La relaxation rapide d\u2019\u00e9nergie accumul\u00e9e par les d\u00e9formations \u00e9lastiques,&hellip;&nbsp;Lire la suite\" \/>\n<meta property=\"og:url\" content=\"https:\/\/svt-dalaine.fr\/svt\/st-d-2-les-seismes-origine-et-consequences\/\" \/>\n<meta property=\"og:site_name\" content=\"Bienvenue sur le site de Sciences de la Vie et de la Terre\" \/>\n<meta property=\"article:modified_time\" content=\"2025-03-06T07:37:44+00:00\" \/>\n<meta property=\"og:image\" content=\"https:\/\/svt-dalaine.fr\/svt\/wp-content\/uploads\/2024\/02\/IMG_1021-1024x683.jpg\" \/>\n<meta name=\"twitter:card\" content=\"summary_large_image\" \/>\n<meta name=\"twitter:label1\" content=\"Dur\u00e9e de lecture estim\u00e9e\" \/>\n\t<meta name=\"twitter:data1\" content=\"2 minutes\" \/>\n<script type=\"application\/ld+json\" class=\"yoast-schema-graph\">{\"@context\":\"https:\/\/schema.org\",\"@graph\":[{\"@type\":\"WebPage\",\"@id\":\"https:\/\/svt-dalaine.fr\/svt\/st-d-2-les-seismes-origine-et-consequences\/\",\"url\":\"https:\/\/svt-dalaine.fr\/svt\/st-d-2-les-seismes-origine-et-consequences\/\",\"name\":\"ST-D-2 Les s\u00e9ismes, origine et cons\u00e9quences - Bienvenue sur le site de Sciences de la Vie et de la Terre\",\"isPartOf\":{\"@id\":\"https:\/\/svt-dalaine.fr\/svt\/#website\"},\"datePublished\":\"2024-02-25T09:54:00+00:00\",\"dateModified\":\"2025-03-06T07:37:44+00:00\",\"breadcrumb\":{\"@id\":\"https:\/\/svt-dalaine.fr\/svt\/st-d-2-les-seismes-origine-et-consequences\/#breadcrumb\"},\"inLanguage\":\"fr-FR\",\"potentialAction\":[{\"@type\":\"ReadAction\",\"target\":[\"https:\/\/svt-dalaine.fr\/svt\/st-d-2-les-seismes-origine-et-consequences\/\"]}]},{\"@type\":\"BreadcrumbList\",\"@id\":\"https:\/\/svt-dalaine.fr\/svt\/st-d-2-les-seismes-origine-et-consequences\/#breadcrumb\",\"itemListElement\":[{\"@type\":\"ListItem\",\"position\":1,\"name\":\"Accueil\",\"item\":\"https:\/\/svt-dalaine.fr\/svt\/\"},{\"@type\":\"ListItem\",\"position\":2,\"name\":\"ST-D-2 Les s\u00e9ismes, origine et cons\u00e9quences\"}]},{\"@type\":\"WebSite\",\"@id\":\"https:\/\/svt-dalaine.fr\/svt\/#website\",\"url\":\"https:\/\/svt-dalaine.fr\/svt\/\",\"name\":\"Bienvenue sur le site de Sciences de la Vie et de la Terre\",\"description\":\"Ressources en SVT de St\u00e9phanie Dalaine, professeure agr\u00e9g\u00e9e exer\u00e7ant en BCPST1 ENCPB\",\"potentialAction\":[{\"@type\":\"SearchAction\",\"target\":{\"@type\":\"EntryPoint\",\"urlTemplate\":\"https:\/\/svt-dalaine.fr\/svt\/?s={search_term_string}\"},\"query-input\":\"required name=search_term_string\"}],\"inLanguage\":\"fr-FR\"}]}<\/script>\n<!-- \/ Yoast SEO plugin. -->","yoast_head_json":{"title":"ST-D-2 Les s\u00e9ismes, origine et cons\u00e9quences - Bienvenue sur le site de Sciences de la Vie et de la Terre","robots":{"index":"index","follow":"follow","max-snippet":"max-snippet:-1","max-image-preview":"max-image-preview:large","max-video-preview":"max-video-preview:-1"},"canonical":"https:\/\/svt-dalaine.fr\/svt\/st-d-2-les-seismes-origine-et-consequences\/","og_locale":"fr_FR","og_type":"article","og_title":"ST-D-2 Les s\u00e9ismes, origine et cons\u00e9quences - Bienvenue sur le site de Sciences de la Vie et de la Terre","og_description":"Extrait du B.O. L\u2019\u00e9tude des s\u00e9ismes et l\u2019\u00e9valuation des al\u00e9as sismiques passent par la description des \u00e9v\u00e9nements et par des mesures et des calculs (magnitude, m\u00e9canismes au foyer, d\u00e9placement par GPS&#8230;). La relaxation rapide d\u2019\u00e9nergie accumul\u00e9e par les d\u00e9formations \u00e9lastiques,&hellip;&nbsp;Lire la suite","og_url":"https:\/\/svt-dalaine.fr\/svt\/st-d-2-les-seismes-origine-et-consequences\/","og_site_name":"Bienvenue sur le site de Sciences de la Vie et de la Terre","article_modified_time":"2025-03-06T07:37:44+00:00","og_image":[{"url":"https:\/\/svt-dalaine.fr\/svt\/wp-content\/uploads\/2024\/02\/IMG_1021-1024x683.jpg"}],"twitter_card":"summary_large_image","twitter_misc":{"Dur\u00e9e de lecture estim\u00e9e":"2 minutes"},"schema":{"@context":"https:\/\/schema.org","@graph":[{"@type":"WebPage","@id":"https:\/\/svt-dalaine.fr\/svt\/st-d-2-les-seismes-origine-et-consequences\/","url":"https:\/\/svt-dalaine.fr\/svt\/st-d-2-les-seismes-origine-et-consequences\/","name":"ST-D-2 Les s\u00e9ismes, origine et cons\u00e9quences - Bienvenue sur le site de Sciences de la Vie et de la Terre","isPartOf":{"@id":"https:\/\/svt-dalaine.fr\/svt\/#website"},"datePublished":"2024-02-25T09:54:00+00:00","dateModified":"2025-03-06T07:37:44+00:00","breadcrumb":{"@id":"https:\/\/svt-dalaine.fr\/svt\/st-d-2-les-seismes-origine-et-consequences\/#breadcrumb"},"inLanguage":"fr-FR","potentialAction":[{"@type":"ReadAction","target":["https:\/\/svt-dalaine.fr\/svt\/st-d-2-les-seismes-origine-et-consequences\/"]}]},{"@type":"BreadcrumbList","@id":"https:\/\/svt-dalaine.fr\/svt\/st-d-2-les-seismes-origine-et-consequences\/#breadcrumb","itemListElement":[{"@type":"ListItem","position":1,"name":"Accueil","item":"https:\/\/svt-dalaine.fr\/svt\/"},{"@type":"ListItem","position":2,"name":"ST-D-2 Les s\u00e9ismes, origine et cons\u00e9quences"}]},{"@type":"WebSite","@id":"https:\/\/svt-dalaine.fr\/svt\/#website","url":"https:\/\/svt-dalaine.fr\/svt\/","name":"Bienvenue sur le site de Sciences de la Vie et de la Terre","description":"Ressources en SVT de St\u00e9phanie Dalaine, professeure agr\u00e9g\u00e9e exer\u00e7ant en BCPST1 ENCPB","potentialAction":[{"@type":"SearchAction","target":{"@type":"EntryPoint","urlTemplate":"https:\/\/svt-dalaine.fr\/svt\/?s={search_term_string}"},"query-input":"required name=search_term_string"}],"inLanguage":"fr-FR"}]}},"_links":{"self":[{"href":"https:\/\/svt-dalaine.fr\/svt\/wp-json\/wp\/v2\/pages\/2162","targetHints":{"allow":["GET"]}}],"collection":[{"href":"https:\/\/svt-dalaine.fr\/svt\/wp-json\/wp\/v2\/pages"}],"about":[{"href":"https:\/\/svt-dalaine.fr\/svt\/wp-json\/wp\/v2\/types\/page"}],"author":[{"embeddable":true,"href":"https:\/\/svt-dalaine.fr\/svt\/wp-json\/wp\/v2\/users\/1"}],"replies":[{"embeddable":true,"href":"https:\/\/svt-dalaine.fr\/svt\/wp-json\/wp\/v2\/comments?post=2162"}],"version-history":[{"count":4,"href":"https:\/\/svt-dalaine.fr\/svt\/wp-json\/wp\/v2\/pages\/2162\/revisions"}],"predecessor-version":[{"id":2169,"href":"https:\/\/svt-dalaine.fr\/svt\/wp-json\/wp\/v2\/pages\/2162\/revisions\/2169"}],"wp:attachment":[{"href":"https:\/\/svt-dalaine.fr\/svt\/wp-json\/wp\/v2\/media?parent=2162"}],"wp:term":[{"taxonomy":"category","embeddable":true,"href":"https:\/\/svt-dalaine.fr\/svt\/wp-json\/wp\/v2\/categories?post=2162"},{"taxonomy":"post_tag","embeddable":true,"href":"https:\/\/svt-dalaine.fr\/svt\/wp-json\/wp\/v2\/tags?post=2162"}],"curies":[{"name":"wp","href":"https:\/\/api.w.org\/{rel}","templated":true}]}}

ST-D-2 Les séismes, origine et conséquences

<div data-elementor-type="wp-page" data-elementor-id="2162" class="elementor elementor-2162">
						<section class="elementor-section elementor-top-section elementor-element elementor-element-4628c45 elementor-section-boxed elementor-section-height-default elementor-section-height-default" data-id="4628c45" data-element_type="section">
						<div class="elementor-container elementor-column-gap-default">
					<div class="elementor-column elementor-col-100 elementor-top-column elementor-element elementor-element-a01ecae" data-id="a01ecae" data-element_type="column">
			<div class="elementor-widget-wrap elementor-element-populated">
						<div class="elementor-element elementor-element-2f4bcdc elementor-widget elementor-widget-image" data-id="2f4bcdc" data-element_type="widget" data-widget_type="image.default">
				<div class="elementor-widget-container">
													<img fetchpriority="high" decoding="async" width="640" height="427" src="https://svt-dalaine.fr/svt/wp-content/uploads/2024/02/IMG_1021-1024x683.jpg" class="attachment-large size-large wp-image-2166" alt="" srcset="https://svt-dalaine.fr/svt/wp-content/uploads/2024/02/IMG_1021-1024x683.jpg 1024w, https://svt-dalaine.fr/svt/wp-content/uploads/2024/02/IMG_1021-300x200.jpg 300w, https://svt-dalaine.fr/svt/wp-content/uploads/2024/02/IMG_1021-768x512.jpg 768w, https://svt-dalaine.fr/svt/wp-content/uploads/2024/02/IMG_1021-1536x1024.jpg 1536w, https://svt-dalaine.fr/svt/wp-content/uploads/2024/02/IMG_1021-2048x1365.jpg 2048w, https://svt-dalaine.fr/svt/wp-content/uploads/2024/02/IMG_1021-360x240.jpg 360w" sizes="(max-width: 640px) 100vw, 640px" />													</div>
				</div>
					</div>
		</div>
					</div>
		</section>
				<section class="elementor-section elementor-top-section elementor-element elementor-element-1764873 elementor-section-boxed elementor-section-height-default elementor-section-height-default" data-id="1764873" data-element_type="section">
						<div class="elementor-container elementor-column-gap-default">
					<div class="elementor-column elementor-col-100 elementor-top-column elementor-element elementor-element-996e751" data-id="996e751" data-element_type="column">
			<div class="elementor-widget-wrap elementor-element-populated">
						<div class="elementor-element elementor-element-9e421e0 elementor-widget elementor-widget-text-editor" data-id="9e421e0" data-element_type="widget" data-widget_type="text-editor.default">
				<div class="elementor-widget-container">
							<p>Extrait du B.O.</p><p>L’étude des séismes et l’évaluation des aléas sismiques passent par la description des événements et par des mesures et des calculs (magnitude, mécanismes au foyer, déplacement par GPS&#8230;).</p><p>La relaxation rapide d’énergie accumulée par les déformations élastiques, mesurables par géodésie spatiale, est responsable de la formation des séismes.</p><p>La notion (historique) de cycle sismique rassemble l&#8217;accumulation de déformation élastique et le rebond sismique.</p><p>Pour un séisme donné, le mécanisme au foyer permet l’analyse de la géométrie de la faille et de son mouvement. L’étude d’un ensemble de mécanismes au foyer dans une région donnée permet de</p><p>caractériser et modéliser le contexte tectonique.</p><p>La distribution mondiale des séismes et la variabilité des mécanismes au foyer renseigne sur la géodynamique globale et sur les frontières de</p><p>plaques.</p><p>Les mesures de géodésie spatiale par GPS permettent d‘évaluer les déplacements instantanés, de les comparer à ceux déterminés à l’échelle des frontières de plaque (en termes de bilan de déformation) et de préciser la connaissance de l’aléa localement.</p>						</div>
				</div>
					</div>
		</div>
					</div>
		</section>
				</div>

<p>Extrait du B.O. L’étude des séismes et l’évaluation des aléas sismiques passent par la description des événements et par des mesures et des calculs (magnitude, mécanismes au foyer, déplacement par GPS&#8230;). La relaxation rapide d’énergie accumulée par les déformations élastiques,&hellip;&nbsp;<a href="https://svt-dalaine.fr/svt/st-d-2-les-seismes-origine-et-consequences/" class="more-link">Lire la suite</a></p>

<!-- This site is optimized with the Yoast SEO plugin v21.9.1 - https://yoast.com/wordpress/plugins/seo/ -->
<title>ST-D-2 Les séismes, origine et conséquences - Bienvenue sur le site de Sciences de la Vie et de la Terre</title>
<meta name="robots" content="index, follow, max-snippet:-1, max-image-preview:large, max-video-preview:-1" />
<link rel="canonical" href="https://svt-dalaine.fr/svt/st-d-2-les-seismes-origine-et-consequences/" />
<meta property="og:locale" content="fr_FR" />
<meta property="og:type" content="article" />
<meta property="og:title" content="ST-D-2 Les séismes, origine et conséquences - Bienvenue sur le site de Sciences de la Vie et de la Terre" />
<meta property="og:description" content="Extrait du B.O. L’étude des séismes et l’évaluation des aléas sismiques passent par la description des événements et par des mesures et des calculs (magnitude, mécanismes au foyer, déplacement par GPS&#8230;). La relaxation rapide d’énergie accumulée par les déformations élastiques,&hellip;&nbsp;Lire la suite" />
<meta property="og:url" content="https://svt-dalaine.fr/svt/st-d-2-les-seismes-origine-et-consequences/" />
<meta property="og:site_name" content="Bienvenue sur le site de Sciences de la Vie et de la Terre" />
<meta property="article:modified_time" content="2025-03-06T07:37:44+00:00" />
<meta property="og:image" content="https://svt-dalaine.fr/svt/wp-content/uploads/2024/02/IMG_1021-1024x683.jpg" />
<meta name="twitter:card" content="summary_large_image" />
<meta name="twitter:label1" content="Durée de lecture estimée" />
	<meta name="twitter:data1" content="2 minutes" />
<script type="application/ld+json" class="yoast-schema-graph">{"@context":"https://schema.org","@graph":[{"@type":"WebPage","@id":"https://svt-dalaine.fr/svt/st-d-2-les-seismes-origine-et-consequences/","url":"https://svt-dalaine.fr/svt/st-d-2-les-seismes-origine-et-consequences/","name":"ST-D-2 Les séismes, origine et conséquences - Bienvenue sur le site de Sciences de la Vie et de la Terre","isPartOf":{"@id":"https://svt-dalaine.fr/svt/#website"},"datePublished":"2024-02-25T09:54:00+00:00","dateModified":"2025-03-06T07:37:44+00:00","breadcrumb":{"@id":"https://svt-dalaine.fr/svt/st-d-2-les-seismes-origine-et-consequences/#breadcrumb"},"inLanguage":"fr-FR","potentialAction":[{"@type":"ReadAction","target":["https://svt-dalaine.fr/svt/st-d-2-les-seismes-origine-et-consequences/"]}]},{"@type":"BreadcrumbList","@id":"https://svt-dalaine.fr/svt/st-d-2-les-seismes-origine-et-consequences/#breadcrumb","itemListElement":[{"@type":"ListItem","position":1,"name":"Accueil","item":"https://svt-dalaine.fr/svt/"},{"@type":"ListItem","position":2,"name":"ST-D-2 Les séismes, origine et conséquences"}]},{"@type":"WebSite","@id":"https://svt-dalaine.fr/svt/#website","url":"https://svt-dalaine.fr/svt/","name":"Bienvenue sur le site de Sciences de la Vie et de la Terre","description":"Ressources en SVT de Stéphanie Dalaine, professeure agrégée exerçant en BCPST1 ENCPB","potentialAction":[{"@type":"SearchAction","target":{"@type":"EntryPoint","urlTemplate":"https://svt-dalaine.fr/svt/?s={search_term_string}"},"query-input":"required name=search_term_string"}],"inLanguage":"fr-FR"}]}</script>
<!-- / Yoast SEO plugin. -->

ST-D-2 Les séismes, origine et conséquences - Bienvenue sur le site de Sciences de la Vie et de la Terre

Extrait du B.O. L’étude des séismes et l’évaluation des aléas sismiques passent par la description des événements et par des mesures et des calculs (magnitude, mécanismes au foyer, déplacement par GPS&#8230;). La relaxation rapide d’énergie accumulée par les déformations élastiques,&hellip;&nbsp;Lire la suite

Ressources en SVT de Stéphanie Dalaine, professeure agrégée exerçant en BCPST1 ENCPB
