{"id":2179,"date":"2024-03-04T22:38:30","date_gmt":"2024-03-04T21:38:30","guid":{"rendered":"https:\/\/svt-dalaine.fr\/svt\/?page_id=2179"},"modified":"2024-11-06T19:34:51","modified_gmt":"2024-11-06T18:34:51","slug":"sv-f-genomique-structurale-et-fonctionnelle","status":"publish","type":"page","link":"https:\/\/svt-dalaine.fr\/svt\/sv-f-genomique-structurale-et-fonctionnelle\/","title":{"rendered":"SV-F- G\u00e9nomique structurale et fonctionnelle"},"content":{"rendered":"\t\t<div data-elementor-type=\"wp-page\" data-elementor-id=\"2179\" class=\"elementor elementor-2179\">\n\t\t\t\t\t\t<section class=\"elementor-section elementor-top-section elementor-element elementor-element-eecf4a6 elementor-section-boxed elementor-section-height-default elementor-section-height-default\" data-id=\"eecf4a6\" data-element_type=\"section\">\n\t\t\t\t\t\t<div class=\"elementor-container elementor-column-gap-default\">\n\t\t\t\t\t<div class=\"elementor-column elementor-col-100 elementor-top-column elementor-element elementor-element-003c953\" data-id=\"003c953\" data-element_type=\"column\">\n\t\t\t<div class=\"elementor-widget-wrap\">\n\t\t\t\t\t\t\t<\/div>\n\t\t<\/div>\n\t\t\t\t\t<\/div>\n\t\t<\/section>\n\t\t\t\t<section class=\"elementor-section elementor-top-section elementor-element elementor-element-7cac2be elementor-section-boxed elementor-section-height-default elementor-section-height-default\" data-id=\"7cac2be\" data-element_type=\"section\">\n\t\t\t\t\t\t<div class=\"elementor-container elementor-column-gap-default\">\n\t\t\t\t\t<div class=\"elementor-column elementor-col-100 elementor-top-column elementor-element elementor-element-023a3d2\" data-id=\"023a3d2\" data-element_type=\"column\">\n\t\t\t<div class=\"elementor-widget-wrap elementor-element-populated\">\n\t\t\t\t\t\t<div class=\"elementor-element elementor-element-f66c869 elementor-widget elementor-widget-text-editor\" data-id=\"f66c869\" data-element_type=\"widget\" data-widget_type=\"text-editor.default\">\n\t\t\t\t<div class=\"elementor-widget-container\">\n\t\t\t\t\t\t\t<p>Extrait du B.O.<\/p><p>La pr\u00e9sentation des g\u00e9nomes et de leur organisation est l&#8217;occasion de pr\u00e9ciser les points communs et les diff\u00e9rences entre Eucaryotes, bact\u00e9ries et virus.<br \/>L&#8217;expression des g\u00e9nomes et son contr\u00f4le s\u2019appuient uniquement sur des exemples eucaryotes et permettent de discuter du concept de g\u00e8ne.<br \/>La pr\u00e9sentation de la transmission des g\u00e9nomes au cours des divisions cellulaires permet de rappeler et comparer les principales caract\u00e9ristiques des divisions<br \/>mitotique et m\u00e9iotique. Elles sont mises en lien avec leurs implications dans les processus de d\u00e9veloppement et de reproduction qui sont abord\u00e9s par ailleurs dans<br \/>le programme.<br \/>Les processus de diversification des g\u00e9nomes sont l&#8217;occasion de comprendre la diversit\u00e9 g\u00e9n\u00e9tique observ\u00e9e \u00e0 l\u2019\u00e9chelle des populations et \u00e0 l\u2019\u00e9chelle des esp\u00e8ces.<br \/>Les m\u00e9canismes de maintien ou de r\u00e9duction de la diversit\u00e9 g\u00e9n\u00e9tique produite, soit par des tris s\u00e9lectifs, soit par des processus al\u00e9atoires, sont abord\u00e9s dans la<br \/>partie sur l\u2019\u00e9volution.<br \/>Enfin, cette partie est l&#8217;occasion de pr\u00e9senter quelques techniques couramment utilis\u00e9es au laboratoire pour \u00e9tudier les g\u00e9nomes et leur expression.<\/p>\t\t\t\t\t\t<\/div>\n\t\t\t\t<\/div>\n\t\t\t\t\t<\/div>\n\t\t<\/div>\n\t\t\t\t\t<\/div>\n\t\t<\/section>\n\t\t\t\t<section class=\"elementor-section elementor-top-section elementor-element elementor-element-8c644ba elementor-section-boxed elementor-section-height-default elementor-section-height-default\" data-id=\"8c644ba\" data-element_type=\"section\">\n\t\t\t\t\t\t<div class=\"elementor-container elementor-column-gap-default\">\n\t\t\t\t\t<div class=\"elementor-column elementor-col-100 elementor-top-column elementor-element elementor-element-d80ed31\" data-id=\"d80ed31\" data-element_type=\"column\">\n\t\t\t<div class=\"elementor-widget-wrap elementor-element-populated\">\n\t\t\t\t\t\t<div class=\"elementor-element elementor-element-7d1fc6a elementor-widget elementor-widget-button\" data-id=\"7d1fc6a\" data-element_type=\"widget\" data-widget_type=\"button.default\">\n\t\t\t\t<div class=\"elementor-widget-container\">\n\t\t\t\t\t<div class=\"elementor-button-wrapper\">\n\t\t\t<a class=\"elementor-button elementor-button-link elementor-size-sm\" href=\"https:\/\/svt-dalaine.fr\/svt\/sv-f-1-1-organisation-des-genomes\/\">\n\t\t\t\t\t\t<span class=\"elementor-button-content-wrapper\">\n\t\t\t\t\t\t<span class=\"elementor-button-text\">SV-F-1-1 Organisation des g\u00e9nomes<\/span>\n\t\t<\/span>\n\t\t\t\t\t<\/a>\n\t\t<\/div>\n\t\t\t\t<\/div>\n\t\t\t\t<\/div>\n\t\t\t\t\t<\/div>\n\t\t<\/div>\n\t\t\t\t\t<\/div>\n\t\t<\/section>\n\t\t\t\t<section class=\"elementor-section elementor-top-section elementor-element elementor-element-8a30387 elementor-section-boxed elementor-section-height-default elementor-section-height-default\" data-id=\"8a30387\" data-element_type=\"section\">\n\t\t\t\t\t\t<div class=\"elementor-container elementor-column-gap-default\">\n\t\t\t\t\t<div class=\"elementor-column elementor-col-100 elementor-top-column elementor-element elementor-element-d439ded\" data-id=\"d439ded\" data-element_type=\"column\">\n\t\t\t<div class=\"elementor-widget-wrap elementor-element-populated\">\n\t\t\t\t\t\t<div class=\"elementor-element elementor-element-087a9f7 elementor-widget elementor-widget-button\" data-id=\"087a9f7\" data-element_type=\"widget\" data-widget_type=\"button.default\">\n\t\t\t\t<div class=\"elementor-widget-container\">\n\t\t\t\t\t<div class=\"elementor-button-wrapper\">\n\t\t\t<a class=\"elementor-button elementor-button-link elementor-size-sm\" href=\"https:\/\/svt-dalaine.fr\/svt\/sv-f-1-2-la-transmission-des-genomes\/\">\n\t\t\t\t\t\t<span class=\"elementor-button-content-wrapper\">\n\t\t\t\t\t\t<span class=\"elementor-button-text\">SV-F-1-2 La transmission des g\u00e9nomes<\/span>\n\t\t<\/span>\n\t\t\t\t\t<\/a>\n\t\t<\/div>\n\t\t\t\t<\/div>\n\t\t\t\t<\/div>\n\t\t\t\t\t<\/div>\n\t\t<\/div>\n\t\t\t\t\t<\/div>\n\t\t<\/section>\n\t\t\t\t<section class=\"elementor-section elementor-top-section elementor-element elementor-element-072b9be elementor-section-boxed elementor-section-height-default elementor-section-height-default\" data-id=\"072b9be\" data-element_type=\"section\">\n\t\t\t\t\t\t<div class=\"elementor-container elementor-column-gap-default\">\n\t\t\t\t\t<div class=\"elementor-column elementor-col-100 elementor-top-column elementor-element elementor-element-3c70ed2\" data-id=\"3c70ed2\" data-element_type=\"column\">\n\t\t\t<div class=\"elementor-widget-wrap elementor-element-populated\">\n\t\t\t\t\t\t<div class=\"elementor-element elementor-element-6cb1440 elementor-widget elementor-widget-button\" data-id=\"6cb1440\" data-element_type=\"widget\" data-widget_type=\"button.default\">\n\t\t\t\t<div class=\"elementor-widget-container\">\n\t\t\t\t\t<div class=\"elementor-button-wrapper\">\n\t\t\t<a class=\"elementor-button elementor-button-link elementor-size-sm\" href=\"https:\/\/svt-dalaine.fr\/svt\/sv-f-2-lexpression-du-genome\/\">\n\t\t\t\t\t\t<span class=\"elementor-button-content-wrapper\">\n\t\t\t\t\t\t<span class=\"elementor-button-text\">SV-F-2 L'expression du g\u00e9nome<\/span>\n\t\t<\/span>\n\t\t\t\t\t<\/a>\n\t\t<\/div>\n\t\t\t\t<\/div>\n\t\t\t\t<\/div>\n\t\t\t\t\t<\/div>\n\t\t<\/div>\n\t\t\t\t\t<\/div>\n\t\t<\/section>\n\t\t\t\t<section class=\"elementor-section elementor-top-section elementor-element elementor-element-3125bc6 elementor-section-boxed elementor-section-height-default elementor-section-height-default\" data-id=\"3125bc6\" data-element_type=\"section\">\n\t\t\t\t\t\t<div class=\"elementor-container elementor-column-gap-default\">\n\t\t\t\t\t<div class=\"elementor-column elementor-col-100 elementor-top-column elementor-element elementor-element-db6e1dd\" data-id=\"db6e1dd\" data-element_type=\"column\">\n\t\t\t<div class=\"elementor-widget-wrap elementor-element-populated\">\n\t\t\t\t\t\t<div class=\"elementor-element elementor-element-e10e0e2 elementor-widget elementor-widget-button\" data-id=\"e10e0e2\" data-element_type=\"widget\" data-widget_type=\"button.default\">\n\t\t\t\t<div class=\"elementor-widget-container\">\n\t\t\t\t\t<div class=\"elementor-button-wrapper\">\n\t\t\t<a class=\"elementor-button elementor-button-link elementor-size-sm\" href=\"https:\/\/svt-dalaine.fr\/svt\/sv-f-3-le-controle-de-lexpression-des-genes\/\">\n\t\t\t\t\t\t<span class=\"elementor-button-content-wrapper\">\n\t\t\t\t\t\t<span class=\"elementor-button-text\">SV-F-3 Le contr\u00f4le de l'expression des g\u00e8nes<\/span>\n\t\t<\/span>\n\t\t\t\t\t<\/a>\n\t\t<\/div>\n\t\t\t\t<\/div>\n\t\t\t\t<\/div>\n\t\t\t\t\t<\/div>\n\t\t<\/div>\n\t\t\t\t\t<\/div>\n\t\t<\/section>\n\t\t\t\t<\/div>\n\t\t","protected":false},"excerpt":{"rendered":"<p>Extrait du B.O. La pr\u00e9sentation des g\u00e9nomes et de leur organisation est l&#8217;occasion de pr\u00e9ciser les points communs et les diff\u00e9rences entre Eucaryotes, bact\u00e9ries et virus.L&#8217;expression des g\u00e9nomes et son contr\u00f4le s\u2019appuient uniquement sur des exemples eucaryotes et permettent de&hellip;&nbsp;<a href=\"https:\/\/svt-dalaine.fr\/svt\/sv-f-genomique-structurale-et-fonctionnelle\/\" class=\"more-link\">Lire la suite<\/a><\/p>\n","protected":false},"author":1,"featured_media":0,"parent":0,"menu_order":0,"comment_status":"closed","ping_status":"closed","template":"","meta":{"footnotes":""},"categories":[],"tags":[],"class_list":["post-2179","page","type-page","status-publish","hentry"],"yoast_head":"<!-- This site is optimized with the Yoast SEO plugin v21.9.1 - https:\/\/yoast.com\/wordpress\/plugins\/seo\/ -->\n<title>SV-F- G\u00e9nomique structurale et fonctionnelle - Bienvenue sur le site de Sciences de la Vie et de la Terre<\/title>\n<meta name=\"robots\" content=\"index, follow, max-snippet:-1, max-image-preview:large, max-video-preview:-1\" \/>\n<link rel=\"canonical\" href=\"https:\/\/svt-dalaine.fr\/svt\/sv-f-genomique-structurale-et-fonctionnelle\/\" \/>\n<meta property=\"og:locale\" content=\"fr_FR\" \/>\n<meta property=\"og:type\" content=\"article\" \/>\n<meta property=\"og:title\" content=\"SV-F- G\u00e9nomique structurale et fonctionnelle - Bienvenue sur le site de Sciences de la Vie et de la Terre\" \/>\n<meta property=\"og:description\" content=\"Extrait du B.O. La pr\u00e9sentation des g\u00e9nomes et de leur organisation est l&#8217;occasion de pr\u00e9ciser les points communs et les diff\u00e9rences entre Eucaryotes, bact\u00e9ries et virus.L&#8217;expression des g\u00e9nomes et son contr\u00f4le s\u2019appuient uniquement sur des exemples eucaryotes et permettent de&hellip;&nbsp;Lire la suite\" \/>\n<meta property=\"og:url\" content=\"https:\/\/svt-dalaine.fr\/svt\/sv-f-genomique-structurale-et-fonctionnelle\/\" \/>\n<meta property=\"og:site_name\" content=\"Bienvenue sur le site de Sciences de la Vie et de la Terre\" \/>\n<meta property=\"article:modified_time\" content=\"2024-11-06T18:34:51+00:00\" \/>\n<meta name=\"twitter:card\" content=\"summary_large_image\" \/>\n<meta name=\"twitter:label1\" content=\"Dur\u00e9e de lecture estim\u00e9e\" \/>\n\t<meta name=\"twitter:data1\" content=\"1 minute\" \/>\n<script type=\"application\/ld+json\" class=\"yoast-schema-graph\">{\"@context\":\"https:\/\/schema.org\",\"@graph\":[{\"@type\":\"WebPage\",\"@id\":\"https:\/\/svt-dalaine.fr\/svt\/sv-f-genomique-structurale-et-fonctionnelle\/\",\"url\":\"https:\/\/svt-dalaine.fr\/svt\/sv-f-genomique-structurale-et-fonctionnelle\/\",\"name\":\"SV-F- G\u00e9nomique structurale et fonctionnelle - Bienvenue sur le site de Sciences de la Vie et de la Terre\",\"isPartOf\":{\"@id\":\"https:\/\/svt-dalaine.fr\/svt\/#website\"},\"datePublished\":\"2024-03-04T21:38:30+00:00\",\"dateModified\":\"2024-11-06T18:34:51+00:00\",\"breadcrumb\":{\"@id\":\"https:\/\/svt-dalaine.fr\/svt\/sv-f-genomique-structurale-et-fonctionnelle\/#breadcrumb\"},\"inLanguage\":\"fr-FR\",\"potentialAction\":[{\"@type\":\"ReadAction\",\"target\":[\"https:\/\/svt-dalaine.fr\/svt\/sv-f-genomique-structurale-et-fonctionnelle\/\"]}]},{\"@type\":\"BreadcrumbList\",\"@id\":\"https:\/\/svt-dalaine.fr\/svt\/sv-f-genomique-structurale-et-fonctionnelle\/#breadcrumb\",\"itemListElement\":[{\"@type\":\"ListItem\",\"position\":1,\"name\":\"Accueil\",\"item\":\"https:\/\/svt-dalaine.fr\/svt\/\"},{\"@type\":\"ListItem\",\"position\":2,\"name\":\"SV-F- G\u00e9nomique structurale et fonctionnelle\"}]},{\"@type\":\"WebSite\",\"@id\":\"https:\/\/svt-dalaine.fr\/svt\/#website\",\"url\":\"https:\/\/svt-dalaine.fr\/svt\/\",\"name\":\"Bienvenue sur le site de Sciences de la Vie et de la Terre\",\"description\":\"Ressources en SVT de St\u00e9phanie Dalaine, professeure agr\u00e9g\u00e9e exer\u00e7ant en BCPST1 ENCPB\",\"potentialAction\":[{\"@type\":\"SearchAction\",\"target\":{\"@type\":\"EntryPoint\",\"urlTemplate\":\"https:\/\/svt-dalaine.fr\/svt\/?s={search_term_string}\"},\"query-input\":\"required name=search_term_string\"}],\"inLanguage\":\"fr-FR\"}]}<\/script>\n<!-- \/ Yoast SEO plugin. -->","yoast_head_json":{"title":"SV-F- G\u00e9nomique structurale et fonctionnelle - Bienvenue sur le site de Sciences de la Vie et de la Terre","robots":{"index":"index","follow":"follow","max-snippet":"max-snippet:-1","max-image-preview":"max-image-preview:large","max-video-preview":"max-video-preview:-1"},"canonical":"https:\/\/svt-dalaine.fr\/svt\/sv-f-genomique-structurale-et-fonctionnelle\/","og_locale":"fr_FR","og_type":"article","og_title":"SV-F- G\u00e9nomique structurale et fonctionnelle - Bienvenue sur le site de Sciences de la Vie et de la Terre","og_description":"Extrait du B.O. La pr\u00e9sentation des g\u00e9nomes et de leur organisation est l&#8217;occasion de pr\u00e9ciser les points communs et les diff\u00e9rences entre Eucaryotes, bact\u00e9ries et virus.L&#8217;expression des g\u00e9nomes et son contr\u00f4le s\u2019appuient uniquement sur des exemples eucaryotes et permettent de&hellip;&nbsp;Lire la suite","og_url":"https:\/\/svt-dalaine.fr\/svt\/sv-f-genomique-structurale-et-fonctionnelle\/","og_site_name":"Bienvenue sur le site de Sciences de la Vie et de la Terre","article_modified_time":"2024-11-06T18:34:51+00:00","twitter_card":"summary_large_image","twitter_misc":{"Dur\u00e9e de lecture estim\u00e9e":"1 minute"},"schema":{"@context":"https:\/\/schema.org","@graph":[{"@type":"WebPage","@id":"https:\/\/svt-dalaine.fr\/svt\/sv-f-genomique-structurale-et-fonctionnelle\/","url":"https:\/\/svt-dalaine.fr\/svt\/sv-f-genomique-structurale-et-fonctionnelle\/","name":"SV-F- G\u00e9nomique structurale et fonctionnelle - Bienvenue sur le site de Sciences de la Vie et de la Terre","isPartOf":{"@id":"https:\/\/svt-dalaine.fr\/svt\/#website"},"datePublished":"2024-03-04T21:38:30+00:00","dateModified":"2024-11-06T18:34:51+00:00","breadcrumb":{"@id":"https:\/\/svt-dalaine.fr\/svt\/sv-f-genomique-structurale-et-fonctionnelle\/#breadcrumb"},"inLanguage":"fr-FR","potentialAction":[{"@type":"ReadAction","target":["https:\/\/svt-dalaine.fr\/svt\/sv-f-genomique-structurale-et-fonctionnelle\/"]}]},{"@type":"BreadcrumbList","@id":"https:\/\/svt-dalaine.fr\/svt\/sv-f-genomique-structurale-et-fonctionnelle\/#breadcrumb","itemListElement":[{"@type":"ListItem","position":1,"name":"Accueil","item":"https:\/\/svt-dalaine.fr\/svt\/"},{"@type":"ListItem","position":2,"name":"SV-F- G\u00e9nomique structurale et fonctionnelle"}]},{"@type":"WebSite","@id":"https:\/\/svt-dalaine.fr\/svt\/#website","url":"https:\/\/svt-dalaine.fr\/svt\/","name":"Bienvenue sur le site de Sciences de la Vie et de la Terre","description":"Ressources en SVT de St\u00e9phanie Dalaine, professeure agr\u00e9g\u00e9e exer\u00e7ant en BCPST1 ENCPB","potentialAction":[{"@type":"SearchAction","target":{"@type":"EntryPoint","urlTemplate":"https:\/\/svt-dalaine.fr\/svt\/?s={search_term_string}"},"query-input":"required name=search_term_string"}],"inLanguage":"fr-FR"}]}},"_links":{"self":[{"href":"https:\/\/svt-dalaine.fr\/svt\/wp-json\/wp\/v2\/pages\/2179","targetHints":{"allow":["GET"]}}],"collection":[{"href":"https:\/\/svt-dalaine.fr\/svt\/wp-json\/wp\/v2\/pages"}],"about":[{"href":"https:\/\/svt-dalaine.fr\/svt\/wp-json\/wp\/v2\/types\/page"}],"author":[{"embeddable":true,"href":"https:\/\/svt-dalaine.fr\/svt\/wp-json\/wp\/v2\/users\/1"}],"replies":[{"embeddable":true,"href":"https:\/\/svt-dalaine.fr\/svt\/wp-json\/wp\/v2\/comments?post=2179"}],"version-history":[{"count":7,"href":"https:\/\/svt-dalaine.fr\/svt\/wp-json\/wp\/v2\/pages\/2179\/revisions"}],"predecessor-version":[{"id":2580,"href":"https:\/\/svt-dalaine.fr\/svt\/wp-json\/wp\/v2\/pages\/2179\/revisions\/2580"}],"wp:attachment":[{"href":"https:\/\/svt-dalaine.fr\/svt\/wp-json\/wp\/v2\/media?parent=2179"}],"wp:term":[{"taxonomy":"category","embeddable":true,"href":"https:\/\/svt-dalaine.fr\/svt\/wp-json\/wp\/v2\/categories?post=2179"},{"taxonomy":"post_tag","embeddable":true,"href":"https:\/\/svt-dalaine.fr\/svt\/wp-json\/wp\/v2\/tags?post=2179"}],"curies":[{"name":"wp","href":"https:\/\/api.w.org\/{rel}","templated":true}]}}