{"id":2341,"date":"2024-05-24T10:38:09","date_gmt":"2024-05-24T08:38:09","guid":{"rendered":"https:\/\/svt-dalaine.fr\/svt\/?page_id=2341"},"modified":"2025-05-22T15:09:19","modified_gmt":"2025-05-22T13:09:19","slug":"sv-j-1-les-populations-et-leur-demographie","status":"publish","type":"page","link":"https:\/\/svt-dalaine.fr\/svt\/sv-j-1-les-populations-et-leur-demographie\/","title":{"rendered":"SV-J-1 Les populations et leur d\u00e9mographie"},"content":{"rendered":"\t\t<div data-elementor-type=\"wp-page\" data-elementor-id=\"2341\" class=\"elementor elementor-2341\">\n\t\t\t\t\t\t<section class=\"elementor-section elementor-top-section elementor-element elementor-element-164e190 elementor-section-boxed elementor-section-height-default elementor-section-height-default\" data-id=\"164e190\" data-element_type=\"section\">\n\t\t\t\t\t\t<div class=\"elementor-container elementor-column-gap-default\">\n\t\t\t\t\t<div class=\"elementor-column elementor-col-100 elementor-top-column elementor-element elementor-element-665a1c0\" data-id=\"665a1c0\" data-element_type=\"column\">\n\t\t\t<div class=\"elementor-widget-wrap elementor-element-populated\">\n\t\t\t\t\t\t<div class=\"elementor-element elementor-element-f40aac6 elementor-widget elementor-widget-image\" data-id=\"f40aac6\" data-element_type=\"widget\" data-widget_type=\"image.default\">\n\t\t\t\t<div class=\"elementor-widget-container\">\n\t\t\t\t\t\t\t\t\t\t\t\t\t<img fetchpriority=\"high\" decoding=\"async\" width=\"640\" height=\"427\" src=\"https:\/\/svt-dalaine.fr\/svt\/wp-content\/uploads\/2024\/05\/lynx_proie.jpg\" class=\"attachment-large size-large wp-image-2348\" alt=\"\" srcset=\"https:\/\/svt-dalaine.fr\/svt\/wp-content\/uploads\/2024\/05\/lynx_proie.jpg 1024w, https:\/\/svt-dalaine.fr\/svt\/wp-content\/uploads\/2024\/05\/lynx_proie-300x200.jpg 300w, https:\/\/svt-dalaine.fr\/svt\/wp-content\/uploads\/2024\/05\/lynx_proie-768x512.jpg 768w, https:\/\/svt-dalaine.fr\/svt\/wp-content\/uploads\/2024\/05\/lynx_proie-360x240.jpg 360w\" sizes=\"(max-width: 640px) 100vw, 640px\" \/>\t\t\t\t\t\t\t\t\t\t\t\t\t<\/div>\n\t\t\t\t<\/div>\n\t\t\t\t\t<\/div>\n\t\t<\/div>\n\t\t\t\t\t<\/div>\n\t\t<\/section>\n\t\t\t\t<section class=\"elementor-section elementor-top-section elementor-element elementor-element-9411eed elementor-section-boxed elementor-section-height-default elementor-section-height-default\" data-id=\"9411eed\" data-element_type=\"section\">\n\t\t\t\t\t\t<div class=\"elementor-container elementor-column-gap-default\">\n\t\t\t\t\t<div class=\"elementor-column elementor-col-100 elementor-top-column elementor-element elementor-element-773904d\" data-id=\"773904d\" data-element_type=\"column\">\n\t\t\t<div class=\"elementor-widget-wrap elementor-element-populated\">\n\t\t\t\t\t\t<div class=\"elementor-element elementor-element-470d9ed elementor-widget elementor-widget-text-editor\" data-id=\"470d9ed\" data-element_type=\"widget\" data-widget_type=\"text-editor.default\">\n\t\t\t\t<div class=\"elementor-widget-container\">\n\t\t\t\t\t\t\t<p>Extrait du B.O.<\/p><p>Les organismes sont regroup\u00e9s en populations dont les effectifs varient au cours du temps, selon les param\u00e8tres d\u00e9mographiques. L\u2019effectif d\u2019une population fluctue sous l\u2019effet de facteurs vari\u00e9s dont les facteurs du biotope et les facteurs intrins\u00e8ques \u00e0 la population. La capacit\u00e9 biotique correspond \u00e0 l\u2019effectif maximal que peut soutenir un milieu. La variation d\u2019effectif d\u2019une population peut \u00eatre approch\u00e9e par des mod\u00e8les math\u00e9matiques simples : croissance exponentielle et croissance logistique. Une m\u00e9tapopulation correspond \u00e0 un ensemble de populations connect\u00e9es. Les migrations font varier les effectifs des populations. Les relations intersp\u00e9cifiques sont \u00e9galement responsables de variations des effectifs des populations<\/p>\t\t\t\t\t\t<\/div>\n\t\t\t\t<\/div>\n\t\t\t\t\t<\/div>\n\t\t<\/div>\n\t\t\t\t\t<\/div>\n\t\t<\/section>\n\t\t\t\t<\/div>\n\t\t","protected":false},"excerpt":{"rendered":"<p>Extrait du B.O. Les organismes sont regroup\u00e9s en populations dont les effectifs varient au cours du temps, selon les param\u00e8tres d\u00e9mographiques. L\u2019effectif d\u2019une population fluctue sous l\u2019effet de facteurs vari\u00e9s dont les facteurs du biotope et les facteurs intrins\u00e8ques \u00e0&hellip;&nbsp;<a href=\"https:\/\/svt-dalaine.fr\/svt\/sv-j-1-les-populations-et-leur-demographie\/\" class=\"more-link\">Lire la suite<\/a><\/p>\n","protected":false},"author":1,"featured_media":0,"parent":0,"menu_order":0,"comment_status":"closed","ping_status":"closed","template":"","meta":{"footnotes":""},"categories":[],"tags":[],"class_list":["post-2341","page","type-page","status-publish","hentry"],"yoast_head":"<!-- This site is optimized with the Yoast SEO plugin v21.9.1 - https:\/\/yoast.com\/wordpress\/plugins\/seo\/ -->\n<title>SV-J-1 Les populations et leur d\u00e9mographie - Bienvenue sur le site de Sciences de la Vie et de la Terre<\/title>\n<meta name=\"robots\" content=\"index, follow, max-snippet:-1, max-image-preview:large, max-video-preview:-1\" \/>\n<link rel=\"canonical\" href=\"https:\/\/svt-dalaine.fr\/svt\/sv-j-1-les-populations-et-leur-demographie\/\" \/>\n<meta property=\"og:locale\" content=\"fr_FR\" \/>\n<meta property=\"og:type\" content=\"article\" \/>\n<meta property=\"og:title\" content=\"SV-J-1 Les populations et leur d\u00e9mographie - Bienvenue sur le site de Sciences de la Vie et de la Terre\" \/>\n<meta property=\"og:description\" content=\"Extrait du B.O. Les organismes sont regroup\u00e9s en populations dont les effectifs varient au cours du temps, selon les param\u00e8tres d\u00e9mographiques. L\u2019effectif d\u2019une population fluctue sous l\u2019effet de facteurs vari\u00e9s dont les facteurs du biotope et les facteurs intrins\u00e8ques \u00e0&hellip;&nbsp;Lire la suite\" \/>\n<meta property=\"og:url\" content=\"https:\/\/svt-dalaine.fr\/svt\/sv-j-1-les-populations-et-leur-demographie\/\" \/>\n<meta property=\"og:site_name\" content=\"Bienvenue sur le site de Sciences de la Vie et de la Terre\" \/>\n<meta property=\"article:modified_time\" content=\"2025-05-22T13:09:19+00:00\" \/>\n<meta property=\"og:image\" content=\"https:\/\/svt-dalaine.fr\/svt\/wp-content\/uploads\/2024\/05\/lynx_proie.jpg\" \/>\n<meta name=\"twitter:card\" content=\"summary_large_image\" \/>\n<meta name=\"twitter:label1\" content=\"Dur\u00e9e de lecture estim\u00e9e\" \/>\n\t<meta name=\"twitter:data1\" content=\"1 minute\" \/>\n<script type=\"application\/ld+json\" class=\"yoast-schema-graph\">{\"@context\":\"https:\/\/schema.org\",\"@graph\":[{\"@type\":\"WebPage\",\"@id\":\"https:\/\/svt-dalaine.fr\/svt\/sv-j-1-les-populations-et-leur-demographie\/\",\"url\":\"https:\/\/svt-dalaine.fr\/svt\/sv-j-1-les-populations-et-leur-demographie\/\",\"name\":\"SV-J-1 Les populations et leur d\u00e9mographie - Bienvenue sur le site de Sciences de la Vie et de la Terre\",\"isPartOf\":{\"@id\":\"https:\/\/svt-dalaine.fr\/svt\/#website\"},\"datePublished\":\"2024-05-24T08:38:09+00:00\",\"dateModified\":\"2025-05-22T13:09:19+00:00\",\"breadcrumb\":{\"@id\":\"https:\/\/svt-dalaine.fr\/svt\/sv-j-1-les-populations-et-leur-demographie\/#breadcrumb\"},\"inLanguage\":\"fr-FR\",\"potentialAction\":[{\"@type\":\"ReadAction\",\"target\":[\"https:\/\/svt-dalaine.fr\/svt\/sv-j-1-les-populations-et-leur-demographie\/\"]}]},{\"@type\":\"BreadcrumbList\",\"@id\":\"https:\/\/svt-dalaine.fr\/svt\/sv-j-1-les-populations-et-leur-demographie\/#breadcrumb\",\"itemListElement\":[{\"@type\":\"ListItem\",\"position\":1,\"name\":\"Accueil\",\"item\":\"https:\/\/svt-dalaine.fr\/svt\/\"},{\"@type\":\"ListItem\",\"position\":2,\"name\":\"SV-J-1 Les populations et leur d\u00e9mographie\"}]},{\"@type\":\"WebSite\",\"@id\":\"https:\/\/svt-dalaine.fr\/svt\/#website\",\"url\":\"https:\/\/svt-dalaine.fr\/svt\/\",\"name\":\"Bienvenue sur le site de Sciences de la Vie et de la Terre\",\"description\":\"Ressources en SVT de St\u00e9phanie Dalaine, professeure agr\u00e9g\u00e9e exer\u00e7ant en BCPST1 ENCPB\",\"potentialAction\":[{\"@type\":\"SearchAction\",\"target\":{\"@type\":\"EntryPoint\",\"urlTemplate\":\"https:\/\/svt-dalaine.fr\/svt\/?s={search_term_string}\"},\"query-input\":\"required name=search_term_string\"}],\"inLanguage\":\"fr-FR\"}]}<\/script>\n<!-- \/ Yoast SEO plugin. -->","yoast_head_json":{"title":"SV-J-1 Les populations et leur d\u00e9mographie - Bienvenue sur le site de Sciences de la Vie et de la Terre","robots":{"index":"index","follow":"follow","max-snippet":"max-snippet:-1","max-image-preview":"max-image-preview:large","max-video-preview":"max-video-preview:-1"},"canonical":"https:\/\/svt-dalaine.fr\/svt\/sv-j-1-les-populations-et-leur-demographie\/","og_locale":"fr_FR","og_type":"article","og_title":"SV-J-1 Les populations et leur d\u00e9mographie - Bienvenue sur le site de Sciences de la Vie et de la Terre","og_description":"Extrait du B.O. Les organismes sont regroup\u00e9s en populations dont les effectifs varient au cours du temps, selon les param\u00e8tres d\u00e9mographiques. L\u2019effectif d\u2019une population fluctue sous l\u2019effet de facteurs vari\u00e9s dont les facteurs du biotope et les facteurs intrins\u00e8ques \u00e0&hellip;&nbsp;Lire la suite","og_url":"https:\/\/svt-dalaine.fr\/svt\/sv-j-1-les-populations-et-leur-demographie\/","og_site_name":"Bienvenue sur le site de Sciences de la Vie et de la Terre","article_modified_time":"2025-05-22T13:09:19+00:00","og_image":[{"url":"https:\/\/svt-dalaine.fr\/svt\/wp-content\/uploads\/2024\/05\/lynx_proie.jpg"}],"twitter_card":"summary_large_image","twitter_misc":{"Dur\u00e9e de lecture estim\u00e9e":"1 minute"},"schema":{"@context":"https:\/\/schema.org","@graph":[{"@type":"WebPage","@id":"https:\/\/svt-dalaine.fr\/svt\/sv-j-1-les-populations-et-leur-demographie\/","url":"https:\/\/svt-dalaine.fr\/svt\/sv-j-1-les-populations-et-leur-demographie\/","name":"SV-J-1 Les populations et leur d\u00e9mographie - Bienvenue sur le site de Sciences de la Vie et de la Terre","isPartOf":{"@id":"https:\/\/svt-dalaine.fr\/svt\/#website"},"datePublished":"2024-05-24T08:38:09+00:00","dateModified":"2025-05-22T13:09:19+00:00","breadcrumb":{"@id":"https:\/\/svt-dalaine.fr\/svt\/sv-j-1-les-populations-et-leur-demographie\/#breadcrumb"},"inLanguage":"fr-FR","potentialAction":[{"@type":"ReadAction","target":["https:\/\/svt-dalaine.fr\/svt\/sv-j-1-les-populations-et-leur-demographie\/"]}]},{"@type":"BreadcrumbList","@id":"https:\/\/svt-dalaine.fr\/svt\/sv-j-1-les-populations-et-leur-demographie\/#breadcrumb","itemListElement":[{"@type":"ListItem","position":1,"name":"Accueil","item":"https:\/\/svt-dalaine.fr\/svt\/"},{"@type":"ListItem","position":2,"name":"SV-J-1 Les populations et leur d\u00e9mographie"}]},{"@type":"WebSite","@id":"https:\/\/svt-dalaine.fr\/svt\/#website","url":"https:\/\/svt-dalaine.fr\/svt\/","name":"Bienvenue sur le site de Sciences de la Vie et de la Terre","description":"Ressources en SVT de St\u00e9phanie Dalaine, professeure agr\u00e9g\u00e9e exer\u00e7ant en BCPST1 ENCPB","potentialAction":[{"@type":"SearchAction","target":{"@type":"EntryPoint","urlTemplate":"https:\/\/svt-dalaine.fr\/svt\/?s={search_term_string}"},"query-input":"required name=search_term_string"}],"inLanguage":"fr-FR"}]}},"_links":{"self":[{"href":"https:\/\/svt-dalaine.fr\/svt\/wp-json\/wp\/v2\/pages\/2341","targetHints":{"allow":["GET"]}}],"collection":[{"href":"https:\/\/svt-dalaine.fr\/svt\/wp-json\/wp\/v2\/pages"}],"about":[{"href":"https:\/\/svt-dalaine.fr\/svt\/wp-json\/wp\/v2\/types\/page"}],"author":[{"embeddable":true,"href":"https:\/\/svt-dalaine.fr\/svt\/wp-json\/wp\/v2\/users\/1"}],"replies":[{"embeddable":true,"href":"https:\/\/svt-dalaine.fr\/svt\/wp-json\/wp\/v2\/comments?post=2341"}],"version-history":[{"count":7,"href":"https:\/\/svt-dalaine.fr\/svt\/wp-json\/wp\/v2\/pages\/2341\/revisions"}],"predecessor-version":[{"id":2351,"href":"https:\/\/svt-dalaine.fr\/svt\/wp-json\/wp\/v2\/pages\/2341\/revisions\/2351"}],"wp:attachment":[{"href":"https:\/\/svt-dalaine.fr\/svt\/wp-json\/wp\/v2\/media?parent=2341"}],"wp:term":[{"taxonomy":"category","embeddable":true,"href":"https:\/\/svt-dalaine.fr\/svt\/wp-json\/wp\/v2\/categories?post=2341"},{"taxonomy":"post_tag","embeddable":true,"href":"https:\/\/svt-dalaine.fr\/svt\/wp-json\/wp\/v2\/tags?post=2341"}],"curies":[{"name":"wp","href":"https:\/\/api.w.org\/{rel}","templated":true}]}}