{"id":2383,"date":"2024-06-06T13:28:45","date_gmt":"2024-06-06T11:28:45","guid":{"rendered":"https:\/\/svt-dalaine.fr\/svt\/?page_id=2383"},"modified":"2026-03-25T10:18:39","modified_gmt":"2026-03-25T09:18:39","slug":"bg-c12-latmosphere-et-locean","status":"publish","type":"page","link":"https:\/\/svt-dalaine.fr\/svt\/bg-c12-latmosphere-et-locean\/","title":{"rendered":"BG-C1&amp;2 L&#8217;atmosph\u00e8re et l&#8217;oc\u00e9an"},"content":{"rendered":"\t\t<div data-elementor-type=\"wp-page\" data-elementor-id=\"2383\" class=\"elementor elementor-2383\">\n\t\t\t\t\t\t<section class=\"elementor-section elementor-top-section elementor-element elementor-element-738d7d2 elementor-section-boxed elementor-section-height-default elementor-section-height-default\" data-id=\"738d7d2\" data-element_type=\"section\">\n\t\t\t\t\t\t<div class=\"elementor-container elementor-column-gap-default\">\n\t\t\t\t\t<div class=\"elementor-column elementor-col-100 elementor-top-column elementor-element elementor-element-b9283b6\" data-id=\"b9283b6\" data-element_type=\"column\">\n\t\t\t<div class=\"elementor-widget-wrap elementor-element-populated\">\n\t\t\t\t\t\t<div class=\"elementor-element elementor-element-e332ba2 elementor-widget elementor-widget-image\" data-id=\"e332ba2\" data-element_type=\"widget\" data-widget_type=\"image.default\">\n\t\t\t\t<div class=\"elementor-widget-container\">\n\t\t\t\t\t\t\t\t\t\t\t\t\t<img fetchpriority=\"high\" decoding=\"async\" width=\"640\" height=\"480\" src=\"https:\/\/svt-dalaine.fr\/svt\/wp-content\/uploads\/2024\/06\/IMG_30551-1024x768.jpg\" class=\"attachment-large size-large wp-image-2388\" alt=\"\" srcset=\"https:\/\/svt-dalaine.fr\/svt\/wp-content\/uploads\/2024\/06\/IMG_30551-1024x768.jpg 1024w, https:\/\/svt-dalaine.fr\/svt\/wp-content\/uploads\/2024\/06\/IMG_30551-300x225.jpg 300w, https:\/\/svt-dalaine.fr\/svt\/wp-content\/uploads\/2024\/06\/IMG_30551-768x576.jpg 768w, https:\/\/svt-dalaine.fr\/svt\/wp-content\/uploads\/2024\/06\/IMG_30551-1536x1152.jpg 1536w, https:\/\/svt-dalaine.fr\/svt\/wp-content\/uploads\/2024\/06\/IMG_30551-2048x1536.jpg 2048w, https:\/\/svt-dalaine.fr\/svt\/wp-content\/uploads\/2024\/06\/IMG_30551-360x270.jpg 360w\" sizes=\"(max-width: 640px) 100vw, 640px\" \/>\t\t\t\t\t\t\t\t\t\t\t\t\t<\/div>\n\t\t\t\t<\/div>\n\t\t\t\t\t<\/div>\n\t\t<\/div>\n\t\t\t\t\t<\/div>\n\t\t<\/section>\n\t\t\t\t<section class=\"elementor-section elementor-top-section elementor-element elementor-element-fdf5152 elementor-section-boxed elementor-section-height-default elementor-section-height-default\" data-id=\"fdf5152\" data-element_type=\"section\">\n\t\t\t\t\t\t<div class=\"elementor-container elementor-column-gap-default\">\n\t\t\t\t\t<div class=\"elementor-column elementor-col-100 elementor-top-column elementor-element elementor-element-a2f0f77\" data-id=\"a2f0f77\" data-element_type=\"column\">\n\t\t\t<div class=\"elementor-widget-wrap elementor-element-populated\">\n\t\t\t\t\t\t<div class=\"elementor-element elementor-element-a8a937a elementor-widget elementor-widget-text-editor\" data-id=\"a8a937a\" data-element_type=\"widget\" data-widget_type=\"text-editor.default\">\n\t\t\t\t<div class=\"elementor-widget-container\">\n\t\t\t\t\t\t\t<p>Extrait du B.O.<\/p><p>L\u2019atmosph\u00e8re et l\u2019hydrosph\u00e8re forment les enveloppes fluides de la Terre. L\u2019hydrosph\u00e8re et l\u2019atmosph\u00e8re, enveloppes externes fluides, sont stratifi\u00e9es. Leur structuration verticale d\u00e9pend de la densit\u00e9, comme pour les enveloppes solides.<\/p><p>Les disparit\u00e9s temporelles et locales du bilan radiatif conduisent \u00e0 une in\u00e9gale r\u00e9partition de l\u2019\u00e9nergie \u00e0 la surface de la Terre. Les circulations troposph\u00e9riques et oc\u00e9aniques assurent principalement une redistribution latitudinale de l\u2019\u00e9nergie. Les \u00e9changes d\u2019\u00e9nergie ont lieu par transferts radiatifs, conductifs et convectifs incluant les variations d\u2019enthalpie li\u00e9s aux changements d\u2019\u00e9tat de l\u2019eau.<\/p><p>La circulation de l\u2019atmosph\u00e8re repose sur l\u2019existence des cellules de convection. On distingue la circulation aux latitudes tropicales et la circulation aux latitudes temp\u00e9r\u00e9es.<\/p><p>Le couplage entre l\u2019atmosph\u00e8re et l\u2019oc\u00e9an se fait par des \u00e9changes de quantit\u00e9 de mouvement, de transferts thermiques et de quantit\u00e9 d\u2019eau. La circulation de surface est \u00e9troitement coupl\u00e9e au r\u00e9gime des vents et aux gradients thermiques.\u00a0 La circulation g\u00e9n\u00e9rale de l\u2019oc\u00e9an se caract\u00e9rise par une circulation m\u00e9ridienne de retournement.\u00a0 Elle r\u00e9sulte principalement des variations de densit\u00e9 de l\u2019eau de mer li\u00e9es \u00e0 sa temp\u00e9rature et \u00e0 sa salinit\u00e9.<\/p>\t\t\t\t\t\t<\/div>\n\t\t\t\t<\/div>\n\t\t\t\t\t<\/div>\n\t\t<\/div>\n\t\t\t\t\t<\/div>\n\t\t<\/section>\n\t\t\t\t<\/div>\n\t\t","protected":false},"excerpt":{"rendered":"<p>Extrait du B.O. L\u2019atmosph\u00e8re et l\u2019hydrosph\u00e8re forment les enveloppes fluides de la Terre. L\u2019hydrosph\u00e8re et l\u2019atmosph\u00e8re, enveloppes externes fluides, sont stratifi\u00e9es. Leur structuration verticale d\u00e9pend de la densit\u00e9, comme pour les enveloppes solides. Les disparit\u00e9s temporelles et locales du bilan&hellip;&nbsp;<a href=\"https:\/\/svt-dalaine.fr\/svt\/bg-c12-latmosphere-et-locean\/\" class=\"more-link\">Lire la suite<\/a><\/p>\n","protected":false},"author":1,"featured_media":0,"parent":0,"menu_order":0,"comment_status":"closed","ping_status":"closed","template":"","meta":{"footnotes":""},"categories":[],"tags":[],"class_list":["post-2383","page","type-page","status-publish","hentry"],"yoast_head":"<!-- This site is optimized with the Yoast SEO plugin v21.9.1 - https:\/\/yoast.com\/wordpress\/plugins\/seo\/ -->\n<title>BG-C1&amp;2 L&#039;atmosph\u00e8re et l&#039;oc\u00e9an - Bienvenue sur le site de Sciences de la Vie et de la Terre<\/title>\n<meta name=\"robots\" content=\"index, follow, max-snippet:-1, max-image-preview:large, max-video-preview:-1\" \/>\n<link rel=\"canonical\" href=\"https:\/\/svt-dalaine.fr\/svt\/bg-c12-latmosphere-et-locean\/\" \/>\n<meta property=\"og:locale\" content=\"fr_FR\" \/>\n<meta property=\"og:type\" content=\"article\" \/>\n<meta property=\"og:title\" content=\"BG-C1&amp;2 L&#039;atmosph\u00e8re et l&#039;oc\u00e9an - Bienvenue sur le site de Sciences de la Vie et de la Terre\" \/>\n<meta property=\"og:description\" content=\"Extrait du B.O. L\u2019atmosph\u00e8re et l\u2019hydrosph\u00e8re forment les enveloppes fluides de la Terre. L\u2019hydrosph\u00e8re et l\u2019atmosph\u00e8re, enveloppes externes fluides, sont stratifi\u00e9es. Leur structuration verticale d\u00e9pend de la densit\u00e9, comme pour les enveloppes solides. Les disparit\u00e9s temporelles et locales du bilan&hellip;&nbsp;Lire la suite\" \/>\n<meta property=\"og:url\" content=\"https:\/\/svt-dalaine.fr\/svt\/bg-c12-latmosphere-et-locean\/\" \/>\n<meta property=\"og:site_name\" content=\"Bienvenue sur le site de Sciences de la Vie et de la Terre\" \/>\n<meta property=\"article:modified_time\" content=\"2026-03-25T09:18:39+00:00\" \/>\n<meta property=\"og:image\" content=\"https:\/\/svt-dalaine.fr\/svt\/wp-content\/uploads\/2024\/06\/IMG_30551-1024x768.jpg\" \/>\n<meta name=\"twitter:card\" content=\"summary_large_image\" \/>\n<meta name=\"twitter:label1\" content=\"Dur\u00e9e de lecture estim\u00e9e\" \/>\n\t<meta name=\"twitter:data1\" content=\"2 minutes\" \/>\n<script type=\"application\/ld+json\" class=\"yoast-schema-graph\">{\"@context\":\"https:\/\/schema.org\",\"@graph\":[{\"@type\":\"WebPage\",\"@id\":\"https:\/\/svt-dalaine.fr\/svt\/bg-c12-latmosphere-et-locean\/\",\"url\":\"https:\/\/svt-dalaine.fr\/svt\/bg-c12-latmosphere-et-locean\/\",\"name\":\"BG-C1&amp;2 L'atmosph\u00e8re et l'oc\u00e9an - Bienvenue sur le site de Sciences de la Vie et de la Terre\",\"isPartOf\":{\"@id\":\"https:\/\/svt-dalaine.fr\/svt\/#website\"},\"datePublished\":\"2024-06-06T11:28:45+00:00\",\"dateModified\":\"2026-03-25T09:18:39+00:00\",\"breadcrumb\":{\"@id\":\"https:\/\/svt-dalaine.fr\/svt\/bg-c12-latmosphere-et-locean\/#breadcrumb\"},\"inLanguage\":\"fr-FR\",\"potentialAction\":[{\"@type\":\"ReadAction\",\"target\":[\"https:\/\/svt-dalaine.fr\/svt\/bg-c12-latmosphere-et-locean\/\"]}]},{\"@type\":\"BreadcrumbList\",\"@id\":\"https:\/\/svt-dalaine.fr\/svt\/bg-c12-latmosphere-et-locean\/#breadcrumb\",\"itemListElement\":[{\"@type\":\"ListItem\",\"position\":1,\"name\":\"Accueil\",\"item\":\"https:\/\/svt-dalaine.fr\/svt\/\"},{\"@type\":\"ListItem\",\"position\":2,\"name\":\"BG-C1&amp;2 L&#8217;atmosph\u00e8re et l&#8217;oc\u00e9an\"}]},{\"@type\":\"WebSite\",\"@id\":\"https:\/\/svt-dalaine.fr\/svt\/#website\",\"url\":\"https:\/\/svt-dalaine.fr\/svt\/\",\"name\":\"Bienvenue sur le site de Sciences de la Vie et de la Terre\",\"description\":\"Ressources en SVT de St\u00e9phanie Dalaine, professeure agr\u00e9g\u00e9e exer\u00e7ant en BCPST1 ENCPB\",\"potentialAction\":[{\"@type\":\"SearchAction\",\"target\":{\"@type\":\"EntryPoint\",\"urlTemplate\":\"https:\/\/svt-dalaine.fr\/svt\/?s={search_term_string}\"},\"query-input\":\"required name=search_term_string\"}],\"inLanguage\":\"fr-FR\"}]}<\/script>\n<!-- \/ Yoast SEO plugin. -->","yoast_head_json":{"title":"BG-C1&amp;2 L'atmosph\u00e8re et l'oc\u00e9an - Bienvenue sur le site de Sciences de la Vie et de la Terre","robots":{"index":"index","follow":"follow","max-snippet":"max-snippet:-1","max-image-preview":"max-image-preview:large","max-video-preview":"max-video-preview:-1"},"canonical":"https:\/\/svt-dalaine.fr\/svt\/bg-c12-latmosphere-et-locean\/","og_locale":"fr_FR","og_type":"article","og_title":"BG-C1&amp;2 L'atmosph\u00e8re et l'oc\u00e9an - Bienvenue sur le site de Sciences de la Vie et de la Terre","og_description":"Extrait du B.O. L\u2019atmosph\u00e8re et l\u2019hydrosph\u00e8re forment les enveloppes fluides de la Terre. L\u2019hydrosph\u00e8re et l\u2019atmosph\u00e8re, enveloppes externes fluides, sont stratifi\u00e9es. Leur structuration verticale d\u00e9pend de la densit\u00e9, comme pour les enveloppes solides. Les disparit\u00e9s temporelles et locales du bilan&hellip;&nbsp;Lire la suite","og_url":"https:\/\/svt-dalaine.fr\/svt\/bg-c12-latmosphere-et-locean\/","og_site_name":"Bienvenue sur le site de Sciences de la Vie et de la Terre","article_modified_time":"2026-03-25T09:18:39+00:00","og_image":[{"url":"https:\/\/svt-dalaine.fr\/svt\/wp-content\/uploads\/2024\/06\/IMG_30551-1024x768.jpg"}],"twitter_card":"summary_large_image","twitter_misc":{"Dur\u00e9e de lecture estim\u00e9e":"2 minutes"},"schema":{"@context":"https:\/\/schema.org","@graph":[{"@type":"WebPage","@id":"https:\/\/svt-dalaine.fr\/svt\/bg-c12-latmosphere-et-locean\/","url":"https:\/\/svt-dalaine.fr\/svt\/bg-c12-latmosphere-et-locean\/","name":"BG-C1&amp;2 L'atmosph\u00e8re et l'oc\u00e9an - Bienvenue sur le site de Sciences de la Vie et de la Terre","isPartOf":{"@id":"https:\/\/svt-dalaine.fr\/svt\/#website"},"datePublished":"2024-06-06T11:28:45+00:00","dateModified":"2026-03-25T09:18:39+00:00","breadcrumb":{"@id":"https:\/\/svt-dalaine.fr\/svt\/bg-c12-latmosphere-et-locean\/#breadcrumb"},"inLanguage":"fr-FR","potentialAction":[{"@type":"ReadAction","target":["https:\/\/svt-dalaine.fr\/svt\/bg-c12-latmosphere-et-locean\/"]}]},{"@type":"BreadcrumbList","@id":"https:\/\/svt-dalaine.fr\/svt\/bg-c12-latmosphere-et-locean\/#breadcrumb","itemListElement":[{"@type":"ListItem","position":1,"name":"Accueil","item":"https:\/\/svt-dalaine.fr\/svt\/"},{"@type":"ListItem","position":2,"name":"BG-C1&amp;2 L&#8217;atmosph\u00e8re et l&#8217;oc\u00e9an"}]},{"@type":"WebSite","@id":"https:\/\/svt-dalaine.fr\/svt\/#website","url":"https:\/\/svt-dalaine.fr\/svt\/","name":"Bienvenue sur le site de Sciences de la Vie et de la Terre","description":"Ressources en SVT de St\u00e9phanie Dalaine, professeure agr\u00e9g\u00e9e exer\u00e7ant en BCPST1 ENCPB","potentialAction":[{"@type":"SearchAction","target":{"@type":"EntryPoint","urlTemplate":"https:\/\/svt-dalaine.fr\/svt\/?s={search_term_string}"},"query-input":"required name=search_term_string"}],"inLanguage":"fr-FR"}]}},"_links":{"self":[{"href":"https:\/\/svt-dalaine.fr\/svt\/wp-json\/wp\/v2\/pages\/2383","targetHints":{"allow":["GET"]}}],"collection":[{"href":"https:\/\/svt-dalaine.fr\/svt\/wp-json\/wp\/v2\/pages"}],"about":[{"href":"https:\/\/svt-dalaine.fr\/svt\/wp-json\/wp\/v2\/types\/page"}],"author":[{"embeddable":true,"href":"https:\/\/svt-dalaine.fr\/svt\/wp-json\/wp\/v2\/users\/1"}],"replies":[{"embeddable":true,"href":"https:\/\/svt-dalaine.fr\/svt\/wp-json\/wp\/v2\/comments?post=2383"}],"version-history":[{"count":4,"href":"https:\/\/svt-dalaine.fr\/svt\/wp-json\/wp\/v2\/pages\/2383\/revisions"}],"predecessor-version":[{"id":2391,"href":"https:\/\/svt-dalaine.fr\/svt\/wp-json\/wp\/v2\/pages\/2383\/revisions\/2391"}],"wp:attachment":[{"href":"https:\/\/svt-dalaine.fr\/svt\/wp-json\/wp\/v2\/media?parent=2383"}],"wp:term":[{"taxonomy":"category","embeddable":true,"href":"https:\/\/svt-dalaine.fr\/svt\/wp-json\/wp\/v2\/categories?post=2383"},{"taxonomy":"post_tag","embeddable":true,"href":"https:\/\/svt-dalaine.fr\/svt\/wp-json\/wp\/v2\/tags?post=2383"}],"curies":[{"name":"wp","href":"https:\/\/api.w.org\/{rel}","templated":true}]}}

BG-C1&amp;2 L&#8217;atmosphère et l&#8217;océan

<div data-elementor-type="wp-page" data-elementor-id="2383" class="elementor elementor-2383">
						<section class="elementor-section elementor-top-section elementor-element elementor-element-738d7d2 elementor-section-boxed elementor-section-height-default elementor-section-height-default" data-id="738d7d2" data-element_type="section">
						<div class="elementor-container elementor-column-gap-default">
					<div class="elementor-column elementor-col-100 elementor-top-column elementor-element elementor-element-b9283b6" data-id="b9283b6" data-element_type="column">
			<div class="elementor-widget-wrap elementor-element-populated">
						<div class="elementor-element elementor-element-e332ba2 elementor-widget elementor-widget-image" data-id="e332ba2" data-element_type="widget" data-widget_type="image.default">
				<div class="elementor-widget-container">
													<img fetchpriority="high" decoding="async" width="640" height="480" src="https://svt-dalaine.fr/svt/wp-content/uploads/2024/06/IMG_30551-1024x768.jpg" class="attachment-large size-large wp-image-2388" alt="" srcset="https://svt-dalaine.fr/svt/wp-content/uploads/2024/06/IMG_30551-1024x768.jpg 1024w, https://svt-dalaine.fr/svt/wp-content/uploads/2024/06/IMG_30551-300x225.jpg 300w, https://svt-dalaine.fr/svt/wp-content/uploads/2024/06/IMG_30551-768x576.jpg 768w, https://svt-dalaine.fr/svt/wp-content/uploads/2024/06/IMG_30551-1536x1152.jpg 1536w, https://svt-dalaine.fr/svt/wp-content/uploads/2024/06/IMG_30551-2048x1536.jpg 2048w, https://svt-dalaine.fr/svt/wp-content/uploads/2024/06/IMG_30551-360x270.jpg 360w" sizes="(max-width: 640px) 100vw, 640px" />													</div>
				</div>
					</div>
		</div>
					</div>
		</section>
				<section class="elementor-section elementor-top-section elementor-element elementor-element-fdf5152 elementor-section-boxed elementor-section-height-default elementor-section-height-default" data-id="fdf5152" data-element_type="section">
						<div class="elementor-container elementor-column-gap-default">
					<div class="elementor-column elementor-col-100 elementor-top-column elementor-element elementor-element-a2f0f77" data-id="a2f0f77" data-element_type="column">
			<div class="elementor-widget-wrap elementor-element-populated">
						<div class="elementor-element elementor-element-a8a937a elementor-widget elementor-widget-text-editor" data-id="a8a937a" data-element_type="widget" data-widget_type="text-editor.default">
				<div class="elementor-widget-container">
							<p>Extrait du B.O.</p><p>L’atmosphère et l’hydrosphère forment les enveloppes fluides de la Terre. L’hydrosphère et l’atmosphère, enveloppes externes fluides, sont stratifiées. Leur structuration verticale dépend de la densité, comme pour les enveloppes solides.</p><p>Les disparités temporelles et locales du bilan radiatif conduisent à une inégale répartition de l’énergie à la surface de la Terre. Les circulations troposphériques et océaniques assurent principalement une redistribution latitudinale de l’énergie. Les échanges d’énergie ont lieu par transferts radiatifs, conductifs et convectifs incluant les variations d’enthalpie liés aux changements d’état de l’eau.</p><p>La circulation de l’atmosphère repose sur l’existence des cellules de convection. On distingue la circulation aux latitudes tropicales et la circulation aux latitudes tempérées.</p><p>Le couplage entre l’atmosphère et l’océan se fait par des échanges de quantité de mouvement, de transferts thermiques et de quantité d’eau. La circulation de surface est étroitement couplée au régime des vents et aux gradients thermiques.  La circulation générale de l’océan se caractérise par une circulation méridienne de retournement.  Elle résulte principalement des variations de densité de l’eau de mer liées à sa température et à sa salinité.</p>						</div>
				</div>
					</div>
		</div>
					</div>
		</section>
				</div>

<p>Extrait du B.O. L’atmosphère et l’hydrosphère forment les enveloppes fluides de la Terre. L’hydrosphère et l’atmosphère, enveloppes externes fluides, sont stratifiées. Leur structuration verticale dépend de la densité, comme pour les enveloppes solides. Les disparités temporelles et locales du bilan&hellip;&nbsp;<a href="https://svt-dalaine.fr/svt/bg-c12-latmosphere-et-locean/" class="more-link">Lire la suite</a></p>

<!-- This site is optimized with the Yoast SEO plugin v21.9.1 - https://yoast.com/wordpress/plugins/seo/ -->
<title>BG-C1&amp;2 L&#039;atmosphère et l&#039;océan - Bienvenue sur le site de Sciences de la Vie et de la Terre</title>
<meta name="robots" content="index, follow, max-snippet:-1, max-image-preview:large, max-video-preview:-1" />
<link rel="canonical" href="https://svt-dalaine.fr/svt/bg-c12-latmosphere-et-locean/" />
<meta property="og:locale" content="fr_FR" />
<meta property="og:type" content="article" />
<meta property="og:title" content="BG-C1&amp;2 L&#039;atmosphère et l&#039;océan - Bienvenue sur le site de Sciences de la Vie et de la Terre" />
<meta property="og:description" content="Extrait du B.O. L’atmosphère et l’hydrosphère forment les enveloppes fluides de la Terre. L’hydrosphère et l’atmosphère, enveloppes externes fluides, sont stratifiées. Leur structuration verticale dépend de la densité, comme pour les enveloppes solides. Les disparités temporelles et locales du bilan&hellip;&nbsp;Lire la suite" />
<meta property="og:url" content="https://svt-dalaine.fr/svt/bg-c12-latmosphere-et-locean/" />
<meta property="og:site_name" content="Bienvenue sur le site de Sciences de la Vie et de la Terre" />
<meta property="article:modified_time" content="2026-03-25T09:18:39+00:00" />
<meta property="og:image" content="https://svt-dalaine.fr/svt/wp-content/uploads/2024/06/IMG_30551-1024x768.jpg" />
<meta name="twitter:card" content="summary_large_image" />
<meta name="twitter:label1" content="Durée de lecture estimée" />
	<meta name="twitter:data1" content="2 minutes" />
<script type="application/ld+json" class="yoast-schema-graph">{"@context":"https://schema.org","@graph":[{"@type":"WebPage","@id":"https://svt-dalaine.fr/svt/bg-c12-latmosphere-et-locean/","url":"https://svt-dalaine.fr/svt/bg-c12-latmosphere-et-locean/","name":"BG-C1&amp;2 L'atmosphère et l'océan - Bienvenue sur le site de Sciences de la Vie et de la Terre","isPartOf":{"@id":"https://svt-dalaine.fr/svt/#website"},"datePublished":"2024-06-06T11:28:45+00:00","dateModified":"2026-03-25T09:18:39+00:00","breadcrumb":{"@id":"https://svt-dalaine.fr/svt/bg-c12-latmosphere-et-locean/#breadcrumb"},"inLanguage":"fr-FR","potentialAction":[{"@type":"ReadAction","target":["https://svt-dalaine.fr/svt/bg-c12-latmosphere-et-locean/"]}]},{"@type":"BreadcrumbList","@id":"https://svt-dalaine.fr/svt/bg-c12-latmosphere-et-locean/#breadcrumb","itemListElement":[{"@type":"ListItem","position":1,"name":"Accueil","item":"https://svt-dalaine.fr/svt/"},{"@type":"ListItem","position":2,"name":"BG-C1&amp;2 L&#8217;atmosphère et l&#8217;océan"}]},{"@type":"WebSite","@id":"https://svt-dalaine.fr/svt/#website","url":"https://svt-dalaine.fr/svt/","name":"Bienvenue sur le site de Sciences de la Vie et de la Terre","description":"Ressources en SVT de Stéphanie Dalaine, professeure agrégée exerçant en BCPST1 ENCPB","potentialAction":[{"@type":"SearchAction","target":{"@type":"EntryPoint","urlTemplate":"https://svt-dalaine.fr/svt/?s={search_term_string}"},"query-input":"required name=search_term_string"}],"inLanguage":"fr-FR"}]}</script>
<!-- / Yoast SEO plugin. -->

BG-C1&amp;2 L'atmosphère et l'océan - Bienvenue sur le site de Sciences de la Vie et de la Terre

Extrait du B.O. L’atmosphère et l’hydrosphère forment les enveloppes fluides de la Terre. L’hydrosphère et l’atmosphère, enveloppes externes fluides, sont stratifiées. Leur structuration verticale dépend de la densité, comme pour les enveloppes solides. Les disparités temporelles et locales du bilan&hellip;&nbsp;Lire la suite

Ressources en SVT de Stéphanie Dalaine, professeure agrégée exerçant en BCPST1 ENCPB
