{"id":622,"date":"2019-03-10T15:07:51","date_gmt":"2019-03-10T14:07:51","guid":{"rendered":"https:\/\/svt-dalaine.fr\/svt\/?page_id=622"},"modified":"2023-11-06T23:04:12","modified_gmt":"2023-11-06T22:04:12","slug":"accueil","status":"publish","type":"page","link":"https:\/\/svt-dalaine.fr\/svt\/","title":{"rendered":"Accueil"},"content":{"rendered":"\t\t<div data-elementor-type=\"wp-post\" data-elementor-id=\"622\" class=\"elementor elementor-622\">\n\t\t\t\t\t\t<section class=\"elementor-section elementor-top-section elementor-element elementor-element-0e0091f elementor-section-boxed elementor-section-height-default elementor-section-height-default\" data-id=\"0e0091f\" data-element_type=\"section\">\n\t\t\t\t\t\t<div class=\"elementor-container elementor-column-gap-default\">\n\t\t\t\t\t<div class=\"elementor-column elementor-col-50 elementor-top-column elementor-element elementor-element-edae890\" data-id=\"edae890\" data-element_type=\"column\">\n\t\t\t<div class=\"elementor-widget-wrap elementor-element-populated\">\n\t\t\t\t\t\t<div class=\"elementor-element elementor-element-2590408 elementor-widget elementor-widget-image\" data-id=\"2590408\" data-element_type=\"widget\" data-widget_type=\"image.default\">\n\t\t\t\t<div class=\"elementor-widget-container\">\n\t\t\t\t\t\t\t\t\t\t\t\t\t<img fetchpriority=\"high\" decoding=\"async\" width=\"640\" height=\"427\" src=\"https:\/\/svt-dalaine.fr\/svt\/wp-content\/uploads\/2019\/03\/IMG_2151-1-1024x683.jpg\" class=\"attachment-large size-large wp-image-624\" alt=\"\" srcset=\"https:\/\/svt-dalaine.fr\/svt\/wp-content\/uploads\/2019\/03\/IMG_2151-1-1024x683.jpg 1024w, https:\/\/svt-dalaine.fr\/svt\/wp-content\/uploads\/2019\/03\/IMG_2151-1-300x200.jpg 300w, https:\/\/svt-dalaine.fr\/svt\/wp-content\/uploads\/2019\/03\/IMG_2151-1-768x512.jpg 768w, https:\/\/svt-dalaine.fr\/svt\/wp-content\/uploads\/2019\/03\/IMG_2151-1-360x240.jpg 360w\" sizes=\"(max-width: 640px) 100vw, 640px\" \/>\t\t\t\t\t\t\t\t\t\t\t\t\t<\/div>\n\t\t\t\t<\/div>\n\t\t\t\t\t<\/div>\n\t\t<\/div>\n\t\t\t\t<div class=\"elementor-column elementor-col-50 elementor-top-column elementor-element elementor-element-748168b\" data-id=\"748168b\" data-element_type=\"column\">\n\t\t\t<div class=\"elementor-widget-wrap elementor-element-populated\">\n\t\t\t\t\t\t<div class=\"elementor-element elementor-element-ab2f41f elementor-widget elementor-widget-text-editor\" data-id=\"ab2f41f\" data-element_type=\"widget\" data-widget_type=\"text-editor.default\">\n\t\t\t\t<div class=\"elementor-widget-container\">\n\t\t\t\t\t\t\t<p>Site &#8220;pens\u00e9&#8221; pour les \u00e9l\u00e8ves.<\/p><p>Vous y trouverez des cat\u00e9gories par niveau (2nde, Premi\u00e8re, Terminale, BCPST1), au sein desquelles sont publi\u00e9s des articles de corrig\u00e9s de TP et des articles de vid\u00e9os consultables.<\/p><p>Des pages de pr\u00e9sentation des cat\u00e9gories vous permettent d&#8217;acc\u00e9der \u00e0 d&#8217;autres liens.<\/p><p>Bonne visite \u00e0 toutes et tous!<\/p>\t\t\t\t\t\t<\/div>\n\t\t\t\t<\/div>\n\t\t\t\t\t<\/div>\n\t\t<\/div>\n\t\t\t\t\t<\/div>\n\t\t<\/section>\n\t\t\t\t<section class=\"elementor-section elementor-top-section elementor-element elementor-element-4414fe3 elementor-section-boxed elementor-section-height-default elementor-section-height-default\" data-id=\"4414fe3\" data-element_type=\"section\">\n\t\t\t\t\t\t<div class=\"elementor-container elementor-column-gap-default\">\n\t\t\t\t\t<div class=\"elementor-column elementor-col-100 elementor-top-column elementor-element elementor-element-da7bda0\" data-id=\"da7bda0\" data-element_type=\"column\">\n\t\t\t<div class=\"elementor-widget-wrap elementor-element-populated\">\n\t\t\t\t\t\t<div class=\"elementor-element elementor-element-bc907d1 elementor-widget elementor-widget-wp-widget-education-mind-latest-news\" data-id=\"bc907d1\" data-element_type=\"widget\" data-widget_type=\"wp-widget-education-mind-latest-news.default\">\n\t\t\t\t<div class=\"elementor-widget-container\">\n\t\t\t\n\t\t\t\n\t\t\t\t\t\t\n\t\t\t\t<div class=\"latest-news-widget latest-news-col-2\">\n\n\t\t\t\t\t<div class=\"inner-wrapper\">\n\n\t\t\t\t\t\t\n\t\t\t\t\t\t\t<div class=\"latest-news-item\">\n\t\t\t\t\t\t\t\t<div class=\"latest-news-wrapper\">\n\t\t\t\t\t\t\t\t\t\t\t\t\t\t\t\t\t\t<div class=\"latest-news-text-wrap\">\n\t\t\t\t\t\t\t\t\t\t<h3 class=\"latest-news-title\">\n\t\t\t\t\t\t\t\t\t\t\t<a href=\"https:\/\/svt-dalaine.fr\/svt\/podcasts-a-consommer-sans-moderation\/\">Podcasts \u00e0 consommer sans mod\u00e9ration<\/a>\n\t\t\t\t\t\t\t\t\t\t<\/h3>\n\t\t\t\t\t\t\t\t\t\t<div class=\"entry-meta latest-news-meta\">\n\t\t\t\t\t\t\t\t\t\t\t<span class=\"posted-on\">27 juin 2024<\/span>\n\t\t\t\t\t\t\t\t\t\t\t<span class=\"comments-link\"><a href=\"https:\/\/svt-dalaine.fr\/svt\/podcasts-a-consommer-sans-moderation\/#respond\"><span class=\"leave-reply\">0 commentaire<\/span><\/a><\/span>\t\t\t\t\t\t\t\t\t\t<\/div><!-- .latest-news-meta -->\n\n\n\t\t\t\t\t\t\t\t\t\t\t\t\t\t\t\t\t\t\t\t\t<div class=\"latest-news-summary\">\n\t\t\t\t\t\t\t\t\t\t\t\t<p>Les m\u00e9caniques du vivant sur RadioFranceBaleine sous gravillons. Plus de 680 \u00e9pisodes!<\/p>\n\t\t\t\t\t\t\t\t\t\t\t<\/div><!-- .latest-news-summary -->\n\t\t\t\t\t\t\t\t\t\t\t\t\t\t\t\t\t\t\t\t\t\t\t\t\t\t\t\t\t\t\t<div class=\"latest-news-read-more\">\n\t\t\t\t\t\t\t\t\t\t\t\t<a href=\"https:\/\/svt-dalaine.fr\/svt\/podcasts-a-consommer-sans-moderation\/\" class=\"read-more\">Lire la suite<\/a>\n\t\t\t\t\t\t\t\t\t\t\t<\/div>\n\t\t\t\t\t\t\t\t\t\t\t\t\t\t\t\t\t\t\t<\/div><!-- .latest-news-text-wrap -->\n\t\t\t\t\t\t\t\t<\/div><!-- .latest-news-wrapper -->\n\t\t\t\t\t\t\t<\/div><!-- .latest-news-item -->\n\n\t\t\t\t\t\t\n\t\t\t\t\t\t\t<div class=\"latest-news-item\">\n\t\t\t\t\t\t\t\t<div class=\"latest-news-wrapper\">\n\t\t\t\t\t\t\t\t\t\t\t\t\t\t\t\t\t\t<div class=\"latest-news-text-wrap\">\n\t\t\t\t\t\t\t\t\t\t<h3 class=\"latest-news-title\">\n\t\t\t\t\t\t\t\t\t\t\t<a href=\"https:\/\/svt-dalaine.fr\/svt\/methodologie-lepreuve-orale\/\">M\u00e9thodologie: l&#8217;\u00e9preuve orale<\/a>\n\t\t\t\t\t\t\t\t\t\t<\/h3>\n\t\t\t\t\t\t\t\t\t\t<div class=\"entry-meta latest-news-meta\">\n\t\t\t\t\t\t\t\t\t\t\t<span class=\"posted-on\">7 septembre 2023<\/span>\n\t\t\t\t\t\t\t\t\t\t\t<span class=\"comments-link\"><a href=\"https:\/\/svt-dalaine.fr\/svt\/methodologie-lepreuve-orale\/#respond\"><span class=\"leave-reply\">0 commentaire<\/span><\/a><\/span>\t\t\t\t\t\t\t\t\t\t<\/div><!-- .latest-news-meta -->\n\n\n\t\t\t\t\t\t\t\t\t\t\t\t\t\t\t\t\t\t\t\t\t<div class=\"latest-news-summary\">\n\t\t\t\t\t\t\t\t\t\t\t\t\t\t\t\t\t\t\t\t\t\t\t<\/div><!-- .latest-news-summary -->\n\t\t\t\t\t\t\t\t\t\t\t\t\t\t\t\t\t\t\t\t\t\t\t\t\t\t\t\t\t\t\t<div class=\"latest-news-read-more\">\n\t\t\t\t\t\t\t\t\t\t\t\t<a href=\"https:\/\/svt-dalaine.fr\/svt\/methodologie-lepreuve-orale\/\" class=\"read-more\">Lire la suite<\/a>\n\t\t\t\t\t\t\t\t\t\t\t<\/div>\n\t\t\t\t\t\t\t\t\t\t\t\t\t\t\t\t\t\t\t<\/div><!-- .latest-news-text-wrap -->\n\t\t\t\t\t\t\t\t<\/div><!-- .latest-news-wrapper -->\n\t\t\t\t\t\t\t<\/div><!-- .latest-news-item -->\n\n\t\t\t\t\t\t\n\t\t\t\t\t\t\t<div class=\"latest-news-item\">\n\t\t\t\t\t\t\t\t<div class=\"latest-news-wrapper\">\n\t\t\t\t\t\t\t\t\t\t\t\t\t\t\t\t\t\t<div class=\"latest-news-text-wrap\">\n\t\t\t\t\t\t\t\t\t\t<h3 class=\"latest-news-title\">\n\t\t\t\t\t\t\t\t\t\t\t<a href=\"https:\/\/svt-dalaine.fr\/svt\/sv-a-2-regards-sur-un-organisme-angiosperme-une-fabacee\/\">SV-A-2 Regards sur un organisme angiosperme, une Fabac\u00e9e<\/a>\n\t\t\t\t\t\t\t\t\t\t<\/h3>\n\t\t\t\t\t\t\t\t\t\t<div class=\"entry-meta latest-news-meta\">\n\t\t\t\t\t\t\t\t\t\t\t<span class=\"posted-on\">7 septembre 2023<\/span>\n\t\t\t\t\t\t\t\t\t\t\t<span class=\"comments-link\"><a href=\"https:\/\/svt-dalaine.fr\/svt\/sv-a-2-regards-sur-un-organisme-angiosperme-une-fabacee\/#respond\"><span class=\"leave-reply\">0 commentaire<\/span><\/a><\/span>\t\t\t\t\t\t\t\t\t\t<\/div><!-- .latest-news-meta -->\n\n\n\t\t\t\t\t\t\t\t\t\t\t\t\t\t\t\t\t\t\t\t\t<div class=\"latest-news-summary\">\n\t\t\t\t\t\t\t\t\t\t\t\t\t\t\t\t\t\t\t\t\t\t\t<\/div><!-- .latest-news-summary -->\n\t\t\t\t\t\t\t\t\t\t\t\t\t\t\t\t\t\t\t\t\t\t\t\t\t\t\t\t\t\t\t<div class=\"latest-news-read-more\">\n\t\t\t\t\t\t\t\t\t\t\t\t<a href=\"https:\/\/svt-dalaine.fr\/svt\/sv-a-2-regards-sur-un-organisme-angiosperme-une-fabacee\/\" class=\"read-more\">Lire la suite<\/a>\n\t\t\t\t\t\t\t\t\t\t\t<\/div>\n\t\t\t\t\t\t\t\t\t\t\t\t\t\t\t\t\t\t\t<\/div><!-- .latest-news-text-wrap -->\n\t\t\t\t\t\t\t\t<\/div><!-- .latest-news-wrapper -->\n\t\t\t\t\t\t\t<\/div><!-- .latest-news-item -->\n\n\t\t\t\t\t\t\n\t\t\t\t\t\t\t<div class=\"latest-news-item\">\n\t\t\t\t\t\t\t\t<div class=\"latest-news-wrapper\">\n\t\t\t\t\t\t\t\t\t\t\t\t\t\t\t\t\t\t<div class=\"latest-news-text-wrap\">\n\t\t\t\t\t\t\t\t\t\t<h3 class=\"latest-news-title\">\n\t\t\t\t\t\t\t\t\t\t\t<a href=\"https:\/\/svt-dalaine.fr\/svt\/ts_spe_quizz_theme-1\/\">TS_SPE_QUIZZ_Th\u00e8me 1_Energie et cellule vivante<\/a>\n\t\t\t\t\t\t\t\t\t\t<\/h3>\n\t\t\t\t\t\t\t\t\t\t<div class=\"entry-meta latest-news-meta\">\n\t\t\t\t\t\t\t\t\t\t\t<span class=\"posted-on\">2 avril 2020<\/span>\n\t\t\t\t\t\t\t\t\t\t\t<span class=\"comments-link\"><a href=\"https:\/\/svt-dalaine.fr\/svt\/ts_spe_quizz_theme-1\/#respond\"><span class=\"leave-reply\">0 commentaire<\/span><\/a><\/span>\t\t\t\t\t\t\t\t\t\t<\/div><!-- .latest-news-meta -->\n\n\n\t\t\t\t\t\t\t\t\t\t\t\t\t\t\t\t\t\t\t\t\t<div class=\"latest-news-summary\">\n\t\t\t\t\t\t\t\t\t\t\t\t\t\t\t\t\t\t\t\t\t\t\t<\/div><!-- .latest-news-summary -->\n\t\t\t\t\t\t\t\t\t\t\t\t\t\t\t\t\t\t\t\t\t\t\t\t\t\t\t\t\t\t\t<div class=\"latest-news-read-more\">\n\t\t\t\t\t\t\t\t\t\t\t\t<a href=\"https:\/\/svt-dalaine.fr\/svt\/ts_spe_quizz_theme-1\/\" class=\"read-more\">Lire la suite<\/a>\n\t\t\t\t\t\t\t\t\t\t\t<\/div>\n\t\t\t\t\t\t\t\t\t\t\t\t\t\t\t\t\t\t\t<\/div><!-- .latest-news-text-wrap -->\n\t\t\t\t\t\t\t\t<\/div><!-- .latest-news-wrapper -->\n\t\t\t\t\t\t\t<\/div><!-- .latest-news-item -->\n\n\t\t\t\t\t\t\n\t\t\t\t\t\t\t<div class=\"latest-news-item\">\n\t\t\t\t\t\t\t\t<div class=\"latest-news-wrapper\">\n\t\t\t\t\t\t\t\t\t\t\t\t\t\t\t\t\t\t<div class=\"latest-news-text-wrap\">\n\t\t\t\t\t\t\t\t\t\t<h3 class=\"latest-news-title\">\n\t\t\t\t\t\t\t\t\t\t\t<a href=\"https:\/\/svt-dalaine.fr\/svt\/seances-de-revision-pour-le-bac-2020\/\">S\u00e9ances de r\u00e9vision pour le bac 2020<\/a>\n\t\t\t\t\t\t\t\t\t\t<\/h3>\n\t\t\t\t\t\t\t\t\t\t<div class=\"entry-meta latest-news-meta\">\n\t\t\t\t\t\t\t\t\t\t\t<span class=\"posted-on\">2 avril 2020<\/span>\n\t\t\t\t\t\t\t\t\t\t\t<span class=\"comments-link\"><a href=\"https:\/\/svt-dalaine.fr\/svt\/seances-de-revision-pour-le-bac-2020\/#respond\"><span class=\"leave-reply\">0 commentaire<\/span><\/a><\/span>\t\t\t\t\t\t\t\t\t\t<\/div><!-- .latest-news-meta -->\n\n\n\t\t\t\t\t\t\t\t\t\t\t\t\t\t\t\t\t\t\t\t\t<div class=\"latest-news-summary\">\n\t\t\t\t\t\t\t\t\t\t\t\t<p>Je vous propose 5 diaporamas \u00e0 lire dans l'ordre (s\u00e9ance, puis 2, ...). Bon courage!<\/p>\n\t\t\t\t\t\t\t\t\t\t\t<\/div><!-- .latest-news-summary -->\n\t\t\t\t\t\t\t\t\t\t\t\t\t\t\t\t\t\t\t\t\t\t\t\t\t\t\t\t\t\t\t<div class=\"latest-news-read-more\">\n\t\t\t\t\t\t\t\t\t\t\t\t<a href=\"https:\/\/svt-dalaine.fr\/svt\/seances-de-revision-pour-le-bac-2020\/\" class=\"read-more\">Lire la suite<\/a>\n\t\t\t\t\t\t\t\t\t\t\t<\/div>\n\t\t\t\t\t\t\t\t\t\t\t\t\t\t\t\t\t\t\t<\/div><!-- .latest-news-text-wrap -->\n\t\t\t\t\t\t\t\t<\/div><!-- .latest-news-wrapper -->\n\t\t\t\t\t\t\t<\/div><!-- .latest-news-item -->\n\n\t\t\t\t\t\t\n\t\t\t\t\t<\/div><!-- .inner-wrapper -->\n\t\t\t\t<\/div><!-- .latest-news-widget -->\n\n\t\t\t\t\n\t\t\t\n\t\t\t\t\t<\/div>\n\t\t\t\t<\/div>\n\t\t\t\t\t<\/div>\n\t\t<\/div>\n\t\t\t\t\t<\/div>\n\t\t<\/section>\n\t\t\t\t<\/div>\n\t\t","protected":false},"excerpt":{"rendered":"<p>Site &#8220;pens\u00e9&#8221; pour les \u00e9l\u00e8ves. Vous y trouverez des cat\u00e9gories par niveau (2nde, Premi\u00e8re, Terminale, BCPST1), au sein desquelles sont publi\u00e9s des articles de corrig\u00e9s de TP et des articles de vid\u00e9os consultables. Des pages de pr\u00e9sentation des cat\u00e9gories vous&hellip;&nbsp;<a href=\"https:\/\/svt-dalaine.fr\/svt\/seances-de-revision-pour-le-bac-2020\/\" class=\"more-link\">Lire la suite<\/a><\/p>\n","protected":false},"author":1,"featured_media":0,"parent":0,"menu_order":0,"comment_status":"closed","ping_status":"closed","template":"","meta":{"footnotes":""},"categories":[],"tags":[],"class_list":["post-622","page","type-page","status-publish","hentry"],"yoast_head":"<!-- This site is optimized with the Yoast SEO plugin v21.9.1 - https:\/\/yoast.com\/wordpress\/plugins\/seo\/ -->\n<title>Accueil - Bienvenue sur le site de Sciences de la Vie et de la Terre %<\/title>\n<meta name=\"description\" content=\"Bienvenue sur le site de Sciences de la Vie et de la Terre Ressources de SVT de St\u00e9phanie Dalaine, professeure agr\u00e9g\u00e9e de Sciences de la Vie et de la Terre. Vous y trouverez des cat\u00e9gories par niveau (2nde, Premi\u00e8re, Terminale, BCPST), au sein desquelles sont publi\u00e9s des articles de corrig\u00e9s de TP et des articles de vid\u00e9os consultables.\" \/>\n<meta name=\"robots\" content=\"index, follow, max-snippet:-1, max-image-preview:large, max-video-preview:-1\" \/>\n<link rel=\"canonical\" href=\"https:\/\/svt-dalaine.fr\/svt\/\" \/>\n<meta property=\"og:locale\" content=\"fr_FR\" \/>\n<meta property=\"og:type\" content=\"article\" \/>\n<meta property=\"og:title\" content=\"Accueil - Bienvenue sur le site de Sciences de la Vie et de la Terre %\" \/>\n<meta property=\"og:description\" content=\"Bienvenue sur le site de Sciences de la Vie et de la Terre Ressources de SVT de St\u00e9phanie Dalaine, professeure agr\u00e9g\u00e9e de Sciences de la Vie et de la Terre. Vous y trouverez des cat\u00e9gories par niveau (2nde, Premi\u00e8re, Terminale, BCPST), au sein desquelles sont publi\u00e9s des articles de corrig\u00e9s de TP et des articles de vid\u00e9os consultables.\" \/>\n<meta property=\"og:url\" content=\"https:\/\/svt-dalaine.fr\/svt\/\" \/>\n<meta property=\"og:site_name\" content=\"Bienvenue sur le site de Sciences de la Vie et de la Terre\" \/>\n<meta property=\"article:modified_time\" content=\"2023-11-06T22:04:12+00:00\" \/>\n<meta property=\"og:image\" content=\"https:\/\/svt-dalaine.fr\/svt\/wp-content\/uploads\/2019\/03\/IMG_2151-1-1024x683.jpg\" \/>\n<meta name=\"twitter:card\" content=\"summary_large_image\" \/>\n<meta name=\"twitter:label1\" content=\"Dur\u00e9e de lecture estim\u00e9e\" \/>\n\t<meta name=\"twitter:data1\" content=\"1 minute\" \/>\n<script type=\"application\/ld+json\" class=\"yoast-schema-graph\">{\"@context\":\"https:\/\/schema.org\",\"@graph\":[{\"@type\":\"WebPage\",\"@id\":\"https:\/\/svt-dalaine.fr\/svt\/\",\"url\":\"https:\/\/svt-dalaine.fr\/svt\/\",\"name\":\"Accueil - Bienvenue sur le site de Sciences de la Vie et de la Terre %\",\"isPartOf\":{\"@id\":\"https:\/\/svt-dalaine.fr\/svt\/#website\"},\"datePublished\":\"2019-03-10T14:07:51+00:00\",\"dateModified\":\"2023-11-06T22:04:12+00:00\",\"description\":\"Bienvenue sur le site de Sciences de la Vie et de la Terre Ressources de SVT de St\u00e9phanie Dalaine, professeure agr\u00e9g\u00e9e de Sciences de la Vie et de la Terre. Vous y trouverez des cat\u00e9gories par niveau (2nde, Premi\u00e8re, Terminale, BCPST), au sein desquelles sont publi\u00e9s des articles de corrig\u00e9s de TP et des articles de vid\u00e9os consultables.\",\"breadcrumb\":{\"@id\":\"https:\/\/svt-dalaine.fr\/svt\/#breadcrumb\"},\"inLanguage\":\"fr-FR\",\"potentialAction\":[{\"@type\":\"ReadAction\",\"target\":[\"https:\/\/svt-dalaine.fr\/svt\/\"]}]},{\"@type\":\"BreadcrumbList\",\"@id\":\"https:\/\/svt-dalaine.fr\/svt\/#breadcrumb\",\"itemListElement\":[{\"@type\":\"ListItem\",\"position\":1,\"name\":\"Accueil\",\"item\":\"https:\/\/svt-dalaine.fr\/svt\/\"},{\"@type\":\"ListItem\",\"position\":2,\"name\":\"Accueil\"}]},{\"@type\":\"WebSite\",\"@id\":\"https:\/\/svt-dalaine.fr\/svt\/#website\",\"url\":\"https:\/\/svt-dalaine.fr\/svt\/\",\"name\":\"Bienvenue sur le site de Sciences de la Vie et de la Terre\",\"description\":\"Ressources en SVT de St\u00e9phanie Dalaine, professeure agr\u00e9g\u00e9e exer\u00e7ant en BCPST1 ENCPB\",\"potentialAction\":[{\"@type\":\"SearchAction\",\"target\":{\"@type\":\"EntryPoint\",\"urlTemplate\":\"https:\/\/svt-dalaine.fr\/svt\/?s={search_term_string}\"},\"query-input\":\"required name=search_term_string\"}],\"inLanguage\":\"fr-FR\"}]}<\/script>\n<!-- \/ Yoast SEO plugin. -->","yoast_head_json":{"title":"Accueil - Bienvenue sur le site de Sciences de la Vie et de la Terre %","description":"Bienvenue sur le site de Sciences de la Vie et de la Terre Ressources de SVT de St\u00e9phanie Dalaine, professeure agr\u00e9g\u00e9e de Sciences de la Vie et de la Terre. Vous y trouverez des cat\u00e9gories par niveau (2nde, Premi\u00e8re, Terminale, BCPST), au sein desquelles sont publi\u00e9s des articles de corrig\u00e9s de TP et des articles de vid\u00e9os consultables.","robots":{"index":"index","follow":"follow","max-snippet":"max-snippet:-1","max-image-preview":"max-image-preview:large","max-video-preview":"max-video-preview:-1"},"canonical":"https:\/\/svt-dalaine.fr\/svt\/","og_locale":"fr_FR","og_type":"article","og_title":"Accueil - Bienvenue sur le site de Sciences de la Vie et de la Terre %","og_description":"Bienvenue sur le site de Sciences de la Vie et de la Terre Ressources de SVT de St\u00e9phanie Dalaine, professeure agr\u00e9g\u00e9e de Sciences de la Vie et de la Terre. Vous y trouverez des cat\u00e9gories par niveau (2nde, Premi\u00e8re, Terminale, BCPST), au sein desquelles sont publi\u00e9s des articles de corrig\u00e9s de TP et des articles de vid\u00e9os consultables.","og_url":"https:\/\/svt-dalaine.fr\/svt\/","og_site_name":"Bienvenue sur le site de Sciences de la Vie et de la Terre","article_modified_time":"2023-11-06T22:04:12+00:00","og_image":[{"url":"https:\/\/svt-dalaine.fr\/svt\/wp-content\/uploads\/2019\/03\/IMG_2151-1-1024x683.jpg"}],"twitter_card":"summary_large_image","twitter_misc":{"Dur\u00e9e de lecture estim\u00e9e":"1 minute"},"schema":{"@context":"https:\/\/schema.org","@graph":[{"@type":"WebPage","@id":"https:\/\/svt-dalaine.fr\/svt\/","url":"https:\/\/svt-dalaine.fr\/svt\/","name":"Accueil - Bienvenue sur le site de Sciences de la Vie et de la Terre %","isPartOf":{"@id":"https:\/\/svt-dalaine.fr\/svt\/#website"},"datePublished":"2019-03-10T14:07:51+00:00","dateModified":"2023-11-06T22:04:12+00:00","description":"Bienvenue sur le site de Sciences de la Vie et de la Terre Ressources de SVT de St\u00e9phanie Dalaine, professeure agr\u00e9g\u00e9e de Sciences de la Vie et de la Terre. Vous y trouverez des cat\u00e9gories par niveau (2nde, Premi\u00e8re, Terminale, BCPST), au sein desquelles sont publi\u00e9s des articles de corrig\u00e9s de TP et des articles de vid\u00e9os consultables.","breadcrumb":{"@id":"https:\/\/svt-dalaine.fr\/svt\/#breadcrumb"},"inLanguage":"fr-FR","potentialAction":[{"@type":"ReadAction","target":["https:\/\/svt-dalaine.fr\/svt\/"]}]},{"@type":"BreadcrumbList","@id":"https:\/\/svt-dalaine.fr\/svt\/#breadcrumb","itemListElement":[{"@type":"ListItem","position":1,"name":"Accueil","item":"https:\/\/svt-dalaine.fr\/svt\/"},{"@type":"ListItem","position":2,"name":"Accueil"}]},{"@type":"WebSite","@id":"https:\/\/svt-dalaine.fr\/svt\/#website","url":"https:\/\/svt-dalaine.fr\/svt\/","name":"Bienvenue sur le site de Sciences de la Vie et de la Terre","description":"Ressources en SVT de St\u00e9phanie Dalaine, professeure agr\u00e9g\u00e9e exer\u00e7ant en BCPST1 ENCPB","potentialAction":[{"@type":"SearchAction","target":{"@type":"EntryPoint","urlTemplate":"https:\/\/svt-dalaine.fr\/svt\/?s={search_term_string}"},"query-input":"required name=search_term_string"}],"inLanguage":"fr-FR"}]}},"_links":{"self":[{"href":"https:\/\/svt-dalaine.fr\/svt\/wp-json\/wp\/v2\/pages\/622","targetHints":{"allow":["GET"]}}],"collection":[{"href":"https:\/\/svt-dalaine.fr\/svt\/wp-json\/wp\/v2\/pages"}],"about":[{"href":"https:\/\/svt-dalaine.fr\/svt\/wp-json\/wp\/v2\/types\/page"}],"author":[{"embeddable":true,"href":"https:\/\/svt-dalaine.fr\/svt\/wp-json\/wp\/v2\/users\/1"}],"replies":[{"embeddable":true,"href":"https:\/\/svt-dalaine.fr\/svt\/wp-json\/wp\/v2\/comments?post=622"}],"version-history":[{"count":18,"href":"https:\/\/svt-dalaine.fr\/svt\/wp-json\/wp\/v2\/pages\/622\/revisions"}],"predecessor-version":[{"id":1963,"href":"https:\/\/svt-dalaine.fr\/svt\/wp-json\/wp\/v2\/pages\/622\/revisions\/1963"}],"wp:attachment":[{"href":"https:\/\/svt-dalaine.fr\/svt\/wp-json\/wp\/v2\/media?parent=622"}],"wp:term":[{"taxonomy":"category","embeddable":true,"href":"https:\/\/svt-dalaine.fr\/svt\/wp-json\/wp\/v2\/categories?post=622"},{"taxonomy":"post_tag","embeddable":true,"href":"https:\/\/svt-dalaine.fr\/svt\/wp-json\/wp\/v2\/tags?post=622"}],"curies":[{"name":"wp","href":"https:\/\/api.w.org\/{rel}","templated":true}]}}